
{"id":2,"date":"2017-05-29T11:51:26","date_gmt":"2017-05-29T09:51:26","guid":{"rendered":"http:\/\/localhost\/l2csp\/?page_id=2"},"modified":"2022-06-21T13:40:25","modified_gmt":"2022-06-21T11:40:25","slug":"page-d-exemple","status":"publish","type":"page","link":"http:\/\/labs.ummto.dz\/l2csp\/","title":{"rendered":""},"content":{"rendered":"<ul>\n<li><span style=\"color: #000000;\">\u00a0 <strong>\u00c9tablissement de Tutelle: <\/strong>Universit\u00e9 Mouloud MAMMERI de Tizi-Ouzou \u00ab\u00a0UMMTO\u00a0\u00bb<img loading=\"lazy\" class=\"alignnone wp-image-104 alignright\" src=\"http:\/\/labs.ummto.dz\/l2csp\/wp-content\/uploads\/2017\/05\/t\u00e9l\u00e9chargement-6.jpg\" alt=\"\" width=\"139\" height=\"141\" \/><\/span><\/li>\n<li><span style=\"color: #000000;\">\u00a0<strong> Directeur:\u00a0<span style=\"color: #000080;\">Mr\u00a0 MANSOURI Rachid<br \/>\n<\/span><\/strong><\/span><\/li>\n<li><span style=\"color: #000000;\">\u00a0 <strong>Th\u00e9matiques: <\/strong><span class=\"Style60\"><strong><span style=\"color: #000080;\">C<\/span><\/strong>onception et <span style=\"color: #000080;\"><strong>C<\/strong><\/span>onduite des<strong><span style=\"color: #000080;\"> S<\/span><\/strong>yst\u00e8mes de <span style=\"color: #000080;\"><strong>P<\/strong><\/span>roduction<\/span><\/span><span style=\"color: #000000;\"><strong><br \/>\n<\/strong><\/span><\/li>\n<li><span style=\"color: #000000;\">\u00a0<strong> Adresse: <\/strong><span class=\"Style93\">Tizi-Ouzou, HasnaouaII<\/span><\/span><\/li>\n<li><span style=\"color: #000000;\">\u00a0 <strong>Courriel: <\/strong>l2csp@ummto.dz<br \/>\n<\/span><\/li>\n<li><span style=\"color: #000000;\">\u00a0 <strong>Site web: <\/strong><a href=\"http:\/\/labs.ummto.dz\/l2csp\"><span style=\"color: #000080;\">labs.ummto.dz\/l2csp<\/span><\/a><br \/>\n<\/span><\/li>\n<\/ul>\n<p><!-- IMG 01 --><\/p>\n<div class=\"cadre_1\">\n<div class=\"titre\">EQUIPE 01<\/div>\n<div class=\"img_header\"><img src=\"wp-content\/uploads\/2017\/05\/0ac1b51bbaf67bc3987f2b7e708b8fcd.jpg\" \/><\/div>\n<div class=\"texte\"><strong><span style=\"color: #000080;\"><a style=\"color: #000080;\" href=\"http:\/\/labs.ummto.dz\/l2csp\/index.php\/equipe-1-systemes-evenements-discret-sed\/\">Syst\u00e8mes \u00e0 \u00e9v\u00e9nements discrets<\/a><\/span><\/strong>.<\/div>\n<\/div>\n<p><!-- End: IMG 01 --><\/p>\n<p><!-- IMG 02 --><\/p>\n<div class=\"cadre_1\">\n<div class=\"titre\">EQUIPE 02<\/div>\n<div class=\"img_header\"><img src=\"wp-content\/uploads\/2017\/05\/conrtinu-pasteur-2008.jpeg\" \/><\/div>\n<div class=\"texte\"><strong><span style=\"color: #000080;\"><a style=\"color: #000080;\" href=\"http:\/\/labs.ummto.dz\/l2csp\/index.php\/equipe2-systemes-continus-sc\/\">Syst\u00e8mes continus<\/a><\/span><\/strong><\/div>\n<\/div>\n<p><!-- End: IMG 02 --><\/p>\n<p><!-- IMG 03 --><\/p>\n<div class=\"cadre_1\">\n<div class=\"titre\">EQUIPE 03<\/div>\n<div class=\"img_header\"><img src=\"wp-content\/uploads\/2017\/05\/la-varistance-reponse-a-une-surtension.jpg\" \/><\/div>\n<div class=\"texte\"><strong><span style=\"color: #000080;\"><a style=\"color: #000080;\" href=\"http:\/\/labs.ummto.dz\/l2csp\/index.php\/equipe-3-recherche-operationnelle-ro\/\">Surtension.<\/a><\/span><\/strong><\/div>\n<\/div>\n<p><!-- End: IMG 03 --><\/p>\n<p><!-- IMG 04 --><\/p>\n<div class=\"cadre_1\">\n<div class=\"titre\">EQUIPE 04<\/div>\n<div class=\"img_header\"><img src=\"wp-content\/uploads\/2017\/05\/Operational-Research.jpg\" \/><\/div>\n<div class=\"texte\"><strong><span style=\"color: #000080;\"><a style=\"color: #000080;\" href=\"http:\/\/labs.ummto.dz\/l2csp\/index.php\/equipe-04-modelisation-du-comportement-des-materiaux-mcm\/\">Recherche op\u00e9rationnelle et Optimisation<\/a><\/span><\/strong><\/div>\n<\/div>\n<p><!-- End: IMG 03 --><\/p>\n<p><!-- IMG 05 --><\/p>\n<div class=\"cadre_1\">\n<div class=\"titre\">EQUIPE 05<\/div>\n<div class=\"img_header\"><img src=\"wp-content\/uploads\/2017\/05\/Interfacage-cellule-ordinateur.jpg\" \/><\/div>\n<div class=\"texte\"><strong><span style=\"color: #000080;\"><a style=\"color: #000080;\" href=\"http:\/\/labs.ummto.dz\/l2csp\/index.php\/156-2\/\">Syst\u00e8mes \u00e0 Dynamiques Complexes .<\/a><\/span><\/strong><\/div>\n<\/div>\n<p><!-- End: IMG 05 --><\/p>\n","protected":false},"excerpt":{"rendered":"<p>\u00a0 \u00c9tablissement de Tutelle: Universit\u00e9 Mouloud MAMMERI de Tizi-Ouzou \u00ab\u00a0UMMTO\u00a0\u00bb \u00a0 Directeur:\u00a0Mr\u00a0 MANSOURI Rachid \u00a0 Th\u00e9matiques: Conception et Conduite des Syst\u00e8mes de Production \u00a0 Adresse: Tizi-Ouzou, HasnaouaII \u00a0 Courriel: l2csp@ummto.dz \u00a0 Site web: labs.ummto.dz\/l2csp&#46;&#46;&#46;<\/p>\n","protected":false},"author":1,"featured_media":0,"parent":0,"menu_order":0,"comment_status":"closed","ping_status":"open","template":"","meta":[],"_links":{"self":[{"href":"http:\/\/labs.ummto.dz\/l2csp\/wp-json\/wp\/v2\/pages\/2"}],"collection":[{"href":"http:\/\/labs.ummto.dz\/l2csp\/wp-json\/wp\/v2\/pages"}],"about":[{"href":"http:\/\/labs.ummto.dz\/l2csp\/wp-json\/wp\/v2\/types\/page"}],"author":[{"embeddable":true,"href":"http:\/\/labs.ummto.dz\/l2csp\/wp-json\/wp\/v2\/users\/1"}],"replies":[{"embeddable":true,"href":"http:\/\/labs.ummto.dz\/l2csp\/wp-json\/wp\/v2\/comments?post=2"}],"version-history":[{"count":41,"href":"http:\/\/labs.ummto.dz\/l2csp\/wp-json\/wp\/v2\/pages\/2\/revisions"}],"predecessor-version":[{"id":284,"href":"http:\/\/labs.ummto.dz\/l2csp\/wp-json\/wp\/v2\/pages\/2\/revisions\/284"}],"wp:attachment":[{"href":"http:\/\/labs.ummto.dz\/l2csp\/wp-json\/wp\/v2\/media?parent=2"}],"curies":[{"name":"wp","href":"https:\/\/api.w.org\/{rel}","templated":true}]}}