
{"id":131,"date":"2017-03-22T10:55:54","date_gmt":"2017-03-22T09:55:54","guid":{"rendered":"http:\/\/localhost\/set\/?page_id=131"},"modified":"2021-06-02T13:57:16","modified_gmt":"2021-06-02T11:57:16","slug":"presentation","status":"publish","type":"page","link":"http:\/\/labs.ummto.dz\/laremo\/presentation\/","title":{"rendered":"Pr\u00e9sentation"},"content":{"rendered":"<ul>\n<li><span style=\"color: #000000;\"><strong>Historique du laboratoire<\/strong><\/span><\/li>\n<li><span style=\"color: #000000;\"><strong>Les \u00e9quipes de recherche<\/strong><\/span><\/li>\n<\/ul>\n<p><span style=\"color: #000000;\">Equipe 01: L&rsquo;entreprise alg\u00e9rienne et comp\u00e9titivit\u00e9<\/span><\/p>\n<p><span style=\"color: #000000;\">Equipe 02: Les entreprises de la branche agro-industrie : imp\u00e9ratifs du march\u00e9 national et d\u00e9fis \u00e0 l&rsquo;exportation<\/span><\/p>\n<p><span style=\"color: #000000;\">Equipe 03: La gestion des risques, levier de performance: cas des entreprises en Alg\u00e9rie<\/span><\/p>\n<p><span style=\"color: #000000;\">Equipe 04: Strat\u00e9gie nationale de promotion\/valorisation\/diversification des exportations hors-hydrocarbures: un d\u00e9fi pour les entreprises alg\u00e9riennes confront\u00e9es aux imp\u00e9ratifs de la comp\u00e9titivit\u00e9 internationale<\/span><\/p>\n<ul>\n<li><span style=\"color: #000000;\"><strong>Les chercheurs du laboratoire\u00a0<\/strong><\/span><\/li>\n<\/ul>\n<table style=\"height: 432px;\" width=\"476\">\n<tbody>\n<tr>\n<td width=\"151\"><span style=\"color: #000000;\"><strong>N\u00b0<\/strong><\/span><\/td>\n<td width=\"425\"><span style=\"color: #000000;\"><strong>Grade <\/strong><\/span><\/td>\n<td width=\"192\"><span style=\"color: #000000;\"><strong>Nombre <\/strong><\/span><\/td>\n<\/tr>\n<tr>\n<td width=\"151\"><span style=\"color: #000000;\">01<\/span><\/td>\n<td width=\"425\"><span style=\"color: #000000;\">Professeur<\/span><\/td>\n<td width=\"192\">04<\/td>\n<\/tr>\n<tr>\n<td width=\"151\"><span style=\"color: #000000;\">02<\/span><\/td>\n<td width=\"425\"><span style=\"color: #000000;\">Ma\u00eetre de Conf\u00e9rences Classe A<\/span><\/td>\n<td width=\"192\">02<\/td>\n<\/tr>\n<tr>\n<td width=\"151\"><span style=\"color: #000000;\">03<\/span><\/td>\n<td width=\"425\"><span style=\"color: #000000;\">Ma\u00eetre de Conf\u00e9rences Classe B<\/span><\/td>\n<td width=\"192\">03<\/td>\n<\/tr>\n<tr>\n<td width=\"151\"><span style=\"color: #000000;\">04<\/span><\/td>\n<td width=\"425\"><span style=\"color: #000000;\">Ma\u00eetre Assistant Classe A<\/span><\/td>\n<td width=\"192\">09<\/td>\n<\/tr>\n<tr>\n<td width=\"151\"><span style=\"color: #000000;\">05<\/span><\/td>\n<td width=\"425\"><span style=\"color: #000000;\">Ma\u00eetre Assistant Classe B<\/span><\/td>\n<td width=\"192\">01<\/td>\n<\/tr>\n<tr>\n<td width=\"151\"><span style=\"color: #000000;\">06<\/span><\/td>\n<td width=\"425\"><span style=\"color: #000000;\">Doctorants<\/span><\/td>\n<td width=\"192\"><\/td>\n<\/tr>\n<\/tbody>\n<\/table>\n<ul>\n<li><span style=\"color: #000000;\"><strong>Production scientifique\u00a0<\/strong><\/span><\/li>\n<\/ul>\n<table>\n<tbody>\n<tr>\n<td width=\"384\"><span style=\"color: #000000;\"><strong>Intitul\u00e9 <\/strong><\/span><\/td>\n<td width=\"384\"><span style=\"color: #000000;\"><strong>Nombre <\/strong><\/span><\/td>\n<\/tr>\n<tr>\n<td width=\"384\"><span style=\"color: #000000;\">Productions internationales<\/span><\/td>\n<td width=\"384\"><span style=\"color: #000000;\"><strong>\u00a0<\/strong><\/span><\/td>\n<\/tr>\n<tr>\n<td width=\"384\"><span style=\"color: #000000;\">Productions nationales<\/span><\/td>\n<td width=\"384\"><span style=\"color: #000000;\"><strong>\u00a0<\/strong><\/span><\/td>\n<\/tr>\n<tr>\n<td width=\"384\"><span style=\"color: #000000;\">Communications internationales<\/span><\/td>\n<td width=\"384\"><span style=\"color: #000000;\"><strong>\u00a0<\/strong><\/span><\/td>\n<\/tr>\n<tr>\n<td width=\"384\"><span style=\"color: #000000;\">Communications nationales<\/span><\/td>\n<td width=\"384\"><span style=\"color: #000000;\"><strong>\u00a0<\/strong><\/span><\/td>\n<\/tr>\n<tr>\n<td width=\"384\"><span style=\"color: #000000;\">Brevets<\/span><\/td>\n<td width=\"384\"><span style=\"color: #000000;\"><strong>\u00a0<\/strong><\/span><\/td>\n<\/tr>\n<tr>\n<td width=\"384\"><span style=\"color: #000000;\">Ouvrages<\/span><\/td>\n<td width=\"384\"><strong>\u00a0<\/strong><\/td>\n<\/tr>\n<\/tbody>\n<\/table>\n","protected":false},"excerpt":{"rendered":"<p>Historique du laboratoire Les \u00e9quipes de recherche Equipe 01: L&rsquo;entreprise alg\u00e9rienne et comp\u00e9titivit\u00e9 Equipe 02: Les entreprises de la branche agro-industrie : imp\u00e9ratifs du march\u00e9 national et d\u00e9fis \u00e0 l&rsquo;exportation Equipe 03: La gestion&#46;&#46;&#46;<\/p>\n","protected":false},"author":1,"featured_media":0,"parent":0,"menu_order":0,"comment_status":"closed","ping_status":"closed","template":"","meta":[],"_links":{"self":[{"href":"http:\/\/labs.ummto.dz\/laremo\/wp-json\/wp\/v2\/pages\/131"}],"collection":[{"href":"http:\/\/labs.ummto.dz\/laremo\/wp-json\/wp\/v2\/pages"}],"about":[{"href":"http:\/\/labs.ummto.dz\/laremo\/wp-json\/wp\/v2\/types\/page"}],"author":[{"embeddable":true,"href":"http:\/\/labs.ummto.dz\/laremo\/wp-json\/wp\/v2\/users\/1"}],"replies":[{"embeddable":true,"href":"http:\/\/labs.ummto.dz\/laremo\/wp-json\/wp\/v2\/comments?post=131"}],"version-history":[{"count":52,"href":"http:\/\/labs.ummto.dz\/laremo\/wp-json\/wp\/v2\/pages\/131\/revisions"}],"predecessor-version":[{"id":988,"href":"http:\/\/labs.ummto.dz\/laremo\/wp-json\/wp\/v2\/pages\/131\/revisions\/988"}],"wp:attachment":[{"href":"http:\/\/labs.ummto.dz\/laremo\/wp-json\/wp\/v2\/media?parent=131"}],"curies":[{"name":"wp","href":"https:\/\/api.w.org\/{rel}","templated":true}]}}