
{"id":97,"date":"2017-12-11T14:45:53","date_gmt":"2017-12-11T13:45:53","guid":{"rendered":"http:\/\/labs.ummto.dz\/lari\/?page_id=97"},"modified":"2017-12-12T14:46:54","modified_gmt":"2017-12-12T13:46:54","slug":"equipe-04-techniques-de-reservation-de-ressources-dans-un-environnement-mobile","status":"publish","type":"page","link":"http:\/\/labs.ummto.dz\/lari\/index.php\/equipe-04-techniques-de-reservation-de-ressources-dans-un-environnement-mobile\/","title":{"rendered":"\u00c9quipe 04: Techniques de r\u00e9servation de ressources dans un environnement mobile"},"content":{"rendered":"<p><span style=\"color: #000080;\"><strong>Chef d\u2019\u00e9quipe:\u00a0<\/strong><\/span><strong><span style=\"color: #000000;\">DR. DAOUI Mehammed<img loading=\"lazy\" class=\"alignnone wp-image-128 alignright\" src=\"http:\/\/labs.ummto.dz\/lari\/wp-content\/uploads\/2017\/12\/images-1-300x105.jpg\" alt=\"\" width=\"382\" height=\"134\" srcset=\"http:\/\/labs.ummto.dz\/lari\/wp-content\/uploads\/2017\/12\/images-1-300x105.jpg 300w, http:\/\/labs.ummto.dz\/lari\/wp-content\/uploads\/2017\/12\/images-1.jpg 379w\" sizes=\"(max-width: 382px) 100vw, 382px\" \/><\/span><\/strong><\/p>\n<p><span style=\"color: #000080;\"><strong>Domaine<\/strong>:<\/span><\/p>\n<p><span style=\"color: #000080;\"><strong>Mot cl\u00e9<\/strong>:<\/span><\/p>\n<p><span style=\"color: #000080;\"><strong>Description de la th\u00e9matique de recherche de l\u2019\u00e9quipe:<\/strong>\u00a0<\/span><\/p>\n<p><span style=\"color: #000000;\">Les environnements mobiles deviennent actuellement indispensables dans la vie quotidienne. Ils contribuent consid\u00e9rablement \u00e0 l&rsquo;am\u00e9lioration de notre qualit\u00e9 de vie. Ces environnements sont caract\u00e9ris\u00e9s par leurs ressources limit\u00e9s, que ce soit en terme de ressources de calcul ou de communication. Notre th\u00e9matique traite des moyens permettant la mobilisation, la r\u00e9servation et l&rsquo;optimisation de ressources dans ces environnements. <\/span><\/p>\n<ul>\n<li><span style=\"color: #000000;\">Pour ce qui est de la gestion des ressources de communications, nous nous int\u00e9ressons aux techniques de distribution des canaux de communication et de leurs r\u00e9servation.<\/span><\/li>\n<li><span style=\"color: #000000;\">Pour ce qui est de la gestion des ressources de calcul, nous nous int\u00e9ressons aux techniques de mappages au niveau architecture ainsi qu&rsquo;\u00e0 la distribution de charge et la virtualisation\/cloudification mobile.<\/span><\/li>\n<\/ul>\n<p><span style=\"color: #000080;\"><strong>Liste exhaustive des membres permanents de l\u2019\u00e9quipe:<\/strong><\/span><\/p>\n<table class=\"main\" border=\"1\" width=\"500\">\n<tbody>\n<tr>\n<th scope=\"col\" width=\"150\"><span style=\"color: #000000;\">Nom et pr\u00e9nom<\/span><\/th>\n<th scope=\"col\" width=\"150\"><span style=\"color: #000000;\">Grade<\/span><\/th>\n<th scope=\"col\" width=\"150\"><span style=\"color: #000000;\">email<\/span><\/th>\n<\/tr>\n<tr>\n<td align=\"center\">CHAMEK Linda<\/td>\n<td align=\"center\">MAA<\/td>\n<td align=\"center\">chameklinda@yahoo.fr<\/td>\n<\/tr>\n<tr>\n<td align=\"center\">TALBI Said<\/td>\n<td align=\"center\">MAA<\/td>\n<td align=\"center\">said.talbi@yahoo.fr<\/td>\n<\/tr>\n<tr>\n<td align=\"center\">YOUNES Yacine<\/td>\n<td align=\"center\">MAA<\/td>\n<td align=\"center\">y.yacine.to@gmail.com<\/td>\n<\/tr>\n<tr>\n<td align=\"center\">BELKACEMI Dyhia<\/td>\n<td align=\"center\">Doc<\/td>\n<td align=\"center\">dihia.belkacemi@yahoo.fr<\/td>\n<\/tr>\n<tr>\n<td align=\"center\">MEHAMEL Sarra<\/td>\n<td align=\"center\">Doc<\/td>\n<td align=\"center\">sarra.mehamel@yahoo.com<\/td>\n<\/tr>\n<tr>\n<td align=\"center\">BOUALI Lyes<\/td>\n<td>DOC<\/td>\n<td align=\"center\">bouali.lyes@gmail.com<\/td>\n<\/tr>\n<\/tbody>\n<\/table>\n","protected":false},"excerpt":{"rendered":"<p>Chef d\u2019\u00e9quipe:\u00a0DR. DAOUI Mehammed Domaine: Mot cl\u00e9: Description de la th\u00e9matique de recherche de l\u2019\u00e9quipe:\u00a0 Les environnements mobiles deviennent actuellement indispensables dans la vie quotidienne. Ils contribuent consid\u00e9rablement \u00e0 l&rsquo;am\u00e9lioration de notre qualit\u00e9 de&#46;&#46;&#46;<\/p>\n","protected":false},"author":1,"featured_media":0,"parent":0,"menu_order":0,"comment_status":"closed","ping_status":"closed","template":"","meta":[],"_links":{"self":[{"href":"http:\/\/labs.ummto.dz\/lari\/index.php\/wp-json\/wp\/v2\/pages\/97"}],"collection":[{"href":"http:\/\/labs.ummto.dz\/lari\/index.php\/wp-json\/wp\/v2\/pages"}],"about":[{"href":"http:\/\/labs.ummto.dz\/lari\/index.php\/wp-json\/wp\/v2\/types\/page"}],"author":[{"embeddable":true,"href":"http:\/\/labs.ummto.dz\/lari\/index.php\/wp-json\/wp\/v2\/users\/1"}],"replies":[{"embeddable":true,"href":"http:\/\/labs.ummto.dz\/lari\/index.php\/wp-json\/wp\/v2\/comments?post=97"}],"version-history":[{"count":6,"href":"http:\/\/labs.ummto.dz\/lari\/index.php\/wp-json\/wp\/v2\/pages\/97\/revisions"}],"predecessor-version":[{"id":131,"href":"http:\/\/labs.ummto.dz\/lari\/index.php\/wp-json\/wp\/v2\/pages\/97\/revisions\/131"}],"wp:attachment":[{"href":"http:\/\/labs.ummto.dz\/lari\/index.php\/wp-json\/wp\/v2\/media?parent=97"}],"curies":[{"name":"wp","href":"https:\/\/api.w.org\/{rel}","templated":true}]}}