
{"id":2,"date":"2017-07-09T16:16:30","date_gmt":"2017-07-09T14:16:30","guid":{"rendered":"http:\/\/labs.ummto.dz\/laromad\/?page_id=2"},"modified":"2019-10-21T11:56:06","modified_gmt":"2019-10-21T09:56:06","slug":"page-d-exemple","status":"publish","type":"page","link":"http:\/\/labs.ummto.dz\/laromad\/","title":{"rendered":""},"content":{"rendered":"<ul>\n<li><span style=\"color: #000000;\">\u00a0\u00a0<strong>\u00c9tablissement de tutelle:<\/strong>\u00a0Universit\u00e9 Mouloud MAMMERI de Tizi-Ouzou \u00ab\u00a0UMMTO\u00a0\u00bb<\/span><\/li>\n<li><span style=\"color: #000000;\">\u00a0<strong>\u00a0Directeur: <\/strong><span style=\"color: #000000;\">Pr OUKACHA Brahim<\/span><\/span><\/li>\n<li><span style=\"color: #000000;\">\u00a0\u00a0<strong><strong>Th\u00e9matiques:\u00a0<\/strong><span style=\"color: #000080;\">R<\/span><\/strong>echerche <strong><span style=\"color: #000080;\">O<\/span><\/strong>p\u00e9rationnelle &#8211;\u00a0<span style=\"color: #000080;\"><strong>Ma<\/strong><\/span>th\u00e9matique de la <span style=\"color: #000080;\"><strong>D<\/strong><\/span>\u00e9cision<\/span><\/li>\n<li><span style=\"color: #000000;\">\u00a0<strong>\u00a0Adresse:<\/strong>\u00a0Facult\u00e9 des Sciences,\u00a0<\/span><span style=\"color: #000000;\">D\u00e9partement de Math\u00e9matiques, Facult\u00e9 des Sciences<strong>\u00a0<\/strong>Universit\u00e9 Mouloud MAMMERi B.P.17 RP, 15000 Tizi-Ouzou (ALGERIE).<\/span><\/li>\n<li><span style=\"color: #000000;\">\u00a0\u00a0<strong>Courriel:<\/strong>\u00a0laromad@ummto.dz<\/span><\/li>\n<li><span style=\"color: #000000;\">\u00a0\u00a0<strong>Site web:\u00a0<span style=\"color: #000080;\"><a style=\"color: #000080;\" href=\"http:\/\/labs.ummto.dz\/laromad\/\">http:\/\/labs.ummto.dz\/laromad\/<\/a><\/span><\/strong><\/span><\/li>\n<\/ul>\n<div class=\"wrapper01\">\n<p><!-- IMG 01 --><\/p>\n<div class=\"cadre_1\">\n<div class=\"titre\">EQUIPE 01<\/div>\n<div class=\"img_header\"><img src=\"wp-content\/uploads\/2017\/07\/graphe7.gif\" \/><\/div>\n<div class=\"texte\"><strong><span style=\"color: #0000ff;\">Graphes et Ordres\u00a0<\/span><\/strong><\/div>\n<\/div>\n<p><!-- End: IMG 01 --><\/p>\n<p><!-- IMG 02 --><\/p>\n<div class=\"cadre_1\">\n<div class=\"titre\">EQUIPE 02<\/div>\n<div class=\"img_header\"><img src=\"wp-content\/uploads\/2017\/07\/16-323s08.jpg\" \/><\/div>\n<div class=\"texte\"><strong><span style=\"color: #0000ff;\">Contr\u00f4le Optimal et Optimisation<\/span><\/strong><\/div>\n<\/div>\n<p><!-- End: IMG 02 --><\/p>\n<p><!-- IMG 03 --><\/p>\n<div class=\"cadre_1\">\n<div class=\"titre\">EQUIPE 03<\/div>\n<div class=\"img_header\"><img src=\"wp-content\/uploads\/2017\/07\/images-7.jpg\" \/><\/div>\n<div class=\"texte\"><strong><span style=\"color: #0000ff;\">Optimisation et Optimisation semi-infinie<\/span><\/strong><\/div>\n<\/div>\n<p><!-- End: IMG 03 --><\/p>\n<p><!-- IMG 04 --><\/p>\n<div class=\"cadre_1\">\n<div class=\"titre\">EQUIPE 04<\/div>\n<div class=\"img_header\"><img src=\"wp-content\/uploads\/2017\/07\/real-cobb-douglas-production-function1.png\" \/><\/div>\n<div class=\"texte\"><strong><span style=\"color: #0000ff;\">Optimisation multicrit\u00e8re stochastique et Trafic urbain<\/span><\/strong><\/div>\n<\/div>\n<p><!-- End: IMG 04 --><\/p>\n<\/div>\n","protected":false},"excerpt":{"rendered":"<p>\u00a0\u00a0\u00c9tablissement de tutelle:\u00a0Universit\u00e9 Mouloud MAMMERI de Tizi-Ouzou \u00ab\u00a0UMMTO\u00a0\u00bb \u00a0\u00a0Directeur: Pr OUKACHA Brahim \u00a0\u00a0Th\u00e9matiques:\u00a0Recherche Op\u00e9rationnelle &#8211;\u00a0Math\u00e9matique de la D\u00e9cision \u00a0\u00a0Adresse:\u00a0Facult\u00e9 des Sciences,\u00a0D\u00e9partement de Math\u00e9matiques, Facult\u00e9 des Sciences\u00a0Universit\u00e9 Mouloud MAMMERi B.P.17 RP, 15000 Tizi-Ouzou (ALGERIE). \u00a0\u00a0Courriel:\u00a0laromad@ummto.dz&#46;&#46;&#46;<\/p>\n","protected":false},"author":1,"featured_media":0,"parent":0,"menu_order":0,"comment_status":"closed","ping_status":"open","template":"","meta":[],"_links":{"self":[{"href":"http:\/\/labs.ummto.dz\/laromad\/index.php\/wp-json\/wp\/v2\/pages\/2"}],"collection":[{"href":"http:\/\/labs.ummto.dz\/laromad\/index.php\/wp-json\/wp\/v2\/pages"}],"about":[{"href":"http:\/\/labs.ummto.dz\/laromad\/index.php\/wp-json\/wp\/v2\/types\/page"}],"author":[{"embeddable":true,"href":"http:\/\/labs.ummto.dz\/laromad\/index.php\/wp-json\/wp\/v2\/users\/1"}],"replies":[{"embeddable":true,"href":"http:\/\/labs.ummto.dz\/laromad\/index.php\/wp-json\/wp\/v2\/comments?post=2"}],"version-history":[{"count":20,"href":"http:\/\/labs.ummto.dz\/laromad\/index.php\/wp-json\/wp\/v2\/pages\/2\/revisions"}],"predecessor-version":[{"id":171,"href":"http:\/\/labs.ummto.dz\/laromad\/index.php\/wp-json\/wp\/v2\/pages\/2\/revisions\/171"}],"wp:attachment":[{"href":"http:\/\/labs.ummto.dz\/laromad\/index.php\/wp-json\/wp\/v2\/media?parent=2"}],"curies":[{"name":"wp","href":"https:\/\/api.w.org\/{rel}","templated":true}]}}