
{"id":25,"date":"2017-07-10T12:22:44","date_gmt":"2017-07-10T10:22:44","guid":{"rendered":"http:\/\/labs.ummto.dz\/laromad\/?page_id=25"},"modified":"2017-07-11T16:02:31","modified_gmt":"2017-07-11T14:02:31","slug":"equipe-02","status":"publish","type":"page","link":"http:\/\/labs.ummto.dz\/laromad\/index.php\/equipe-02\/","title":{"rendered":"\u00c9quipe 02: Contr\u00f4le Optimal et Optimisation"},"content":{"rendered":"<p><span style=\"color: #000080;\"><strong>Chef d\u2019\u00e9quipe: <\/strong>Dr OUKACHA Brahim<img loading=\"lazy\" class=\"alignnone size-medium wp-image-81 alignright\" src=\"http:\/\/labs.ummto.dz\/laromad\/wp-content\/uploads\/2017\/07\/16-323s08-300x250.jpg\" alt=\"\" width=\"300\" height=\"250\" srcset=\"http:\/\/labs.ummto.dz\/laromad\/wp-content\/uploads\/2017\/07\/16-323s08-300x250.jpg 300w, http:\/\/labs.ummto.dz\/laromad\/wp-content\/uploads\/2017\/07\/16-323s08.jpg 320w\" sizes=\"(max-width: 300px) 100vw, 300px\" \/><\/span><\/p>\n<p><span style=\"color: #000080;\"><strong>Domaine<\/strong>:\u00a0<span style=\"color: #000000;\">Contr\u00f4le Optimal-Optimisation<\/span><\/span><\/p>\n<p><span style=\"color: #000080;\"><strong>Mot cl\u00e9<\/strong>:\u00a0\u00a0<span style=\"color: #000000;\">Graphes, reconnaissance, algorithmique, g\u00e9n\u00e9ration d\u2019objets, complexit\u00e9 algorithmique, calcul d\u2018invariants, ordre, ordre partiel, Support, Contr\u00f4le, Commande, Optimalit\u00e9, m\u00e9thode adapt\u00e9e, semi-Infinie, convexe, optimisation globale, optimums, Branch and Bound, R\u00e9gulation, fluidit\u00e9, commande en mode glissant, trafic, transport,<\/span><\/span><\/p>\n<p><span style=\"text-decoration: underline; color: #000080;\"><strong>Description de la th\u00e9matique de recherche de l\u2019\u00e9quipe:<\/strong><\/span><\/p>\n<p>&nbsp;<\/p>\n<p><span style=\"text-decoration: underline; color: #000080;\"><strong>Liste exhaustive des membres permanents de l\u2019\u00e9quipe:<\/strong><\/span><\/p>\n<table id=\"tablepress-5\" class=\"tablepress tablepress-id-5\">\n<thead>\n<tr class=\"row-1 odd\">\n<th class=\"column-1\"><span style=\"color: #000080;\">M.\/<\/span><br \/>\n<span style=\"color: #000080;\">Mme<\/span><\/th>\n<th class=\"column-2\"><span style=\"color: #000080;\">Nom et Pr\u00e9nom<\/span><\/th>\n<th class=\"column-3\"><span style=\"color: #000080;\">\u0627\u0644\u0644\u0642\u0628<\/span><br \/>\n<span style=\"color: #000080;\">\u0648\u0627\u0644\u0625\u0633\u0645<\/span><\/th>\n<th class=\"column-4\"><span style=\"color: #000080;\">Date de Nais.<\/span><\/th>\n<th class=\"column-5\"><span style=\"color: #000080;\">Dernier dipl\u00f4me<\/span><\/th>\n<th class=\"column-6\"><span style=\"color: #000080;\">Grade<\/span><\/th>\n<th class=\"column-7\"><span style=\"color: #000080;\">Domaine<\/span><\/th>\n<th class=\"column-8\"><span style=\"color: #000080;\">Structure de rattachement<\/span><\/th>\n<th class=\"column-9\"><span style=\"color: #000080;\">Email actif<\/span><\/th>\n<\/tr>\n<\/thead>\n<tbody class=\"row-hover\">\n<tr class=\"row-2 even alt\">\n<td class=\"column-1\"><\/td>\n<td class=\"column-2\"><\/td>\n<td class=\"column-3\"><\/td>\n<td class=\"column-4\"><\/td>\n<td class=\"column-5\"><\/td>\n<td class=\"column-6\"><\/td>\n<td class=\"column-7\"><\/td>\n<td class=\"column-8\"><\/td>\n<td class=\"column-9\"><\/td>\n<\/tr>\n<tr class=\"row-2 even alt\">\n<td class=\"column-1\"><\/td>\n<td class=\"column-2\"><\/td>\n<td class=\"column-3\"><\/td>\n<td class=\"column-4\"><\/td>\n<td class=\"column-5\"><\/td>\n<td class=\"column-6\"><\/td>\n<td class=\"column-7\"><\/td>\n<td class=\"column-8\"><\/td>\n<td class=\"column-9\"><\/td>\n<\/tr>\n<tr class=\"row-2 even alt\">\n<td class=\"column-1\"><\/td>\n<td class=\"column-2\"><\/td>\n<td class=\"column-3\"><\/td>\n<td class=\"column-4\"><\/td>\n<td class=\"column-5\"><\/td>\n<td class=\"column-6\"><\/td>\n<td class=\"column-7\"><\/td>\n<td class=\"column-8\"><\/td>\n<td class=\"column-9\"><\/td>\n<\/tr>\n<tr class=\"row-2 even alt\">\n<td class=\"column-1\"><\/td>\n<td class=\"column-2\"><\/td>\n<td class=\"column-3\"><\/td>\n<td class=\"column-4\"><\/td>\n<td class=\"column-5\"><\/td>\n<td class=\"column-6\"><\/td>\n<td class=\"column-7\"><\/td>\n<td class=\"column-8\"><\/td>\n<td class=\"column-9\"><\/td>\n<\/tr>\n<\/tbody>\n<\/table>\n<p><span style=\"text-decoration: underline; color: #000080;\"><strong>Liste exhaustive des doctorants membres de l\u2019\u00e9quipe:<\/strong><\/span><\/p>\n<table id=\"tablepress-6\" class=\"tablepress tablepress-id-6\">\n<thead>\n<tr class=\"row-1 odd alt\">\n<th class=\"column-1\"><span style=\"color: #000080;\">Nom et Pr\u00e9nom<\/span><\/th>\n<th class=\"column-2\"><span style=\"color: #000080;\">\u0627\u0644\u0644\u0642\u0628 \u0648\u0627\u0644\u0625\u0633\u0645<\/span><\/th>\n<th class=\"column-3\"><span style=\"color: #000080;\">Inscrit depuis (Mois\/Ann\u00e9e)<\/span><\/th>\n<th class=\"column-4\"><span style=\"color: #000080;\">Nom et Pr\u00e9nom du ou des encadreurs<\/span><\/th>\n<\/tr>\n<\/thead>\n<tbody class=\"row-hover\">\n<tr class=\"row-2 even\">\n<td class=\"column-1\"><\/td>\n<td class=\"column-2\"><\/td>\n<td class=\"column-3\"><\/td>\n<td class=\"column-4\"><\/td>\n<\/tr>\n<tr class=\"row-2 even\">\n<td class=\"column-1\"><\/td>\n<td class=\"column-2\"><\/td>\n<td class=\"column-3\"><\/td>\n<td class=\"column-4\"><\/td>\n<\/tr>\n<tr class=\"row-2 even\">\n<td class=\"column-1\"><\/td>\n<td class=\"column-2\"><\/td>\n<td class=\"column-3\"><\/td>\n<td class=\"column-4\"><\/td>\n<\/tr>\n<tr class=\"row-2 even\">\n<td class=\"column-1\"><\/td>\n<td class=\"column-2\"><\/td>\n<td class=\"column-3\"><\/td>\n<td class=\"column-4\"><\/td>\n<\/tr>\n<\/tbody>\n<\/table>\n","protected":false},"excerpt":{"rendered":"<p>Chef d\u2019\u00e9quipe: Dr OUKACHA Brahim Domaine:\u00a0Contr\u00f4le Optimal-Optimisation Mot cl\u00e9:\u00a0\u00a0Graphes, reconnaissance, algorithmique, g\u00e9n\u00e9ration d\u2019objets, complexit\u00e9 algorithmique, calcul d\u2018invariants, ordre, ordre partiel, Support, Contr\u00f4le, Commande, Optimalit\u00e9, m\u00e9thode adapt\u00e9e, semi-Infinie, convexe, optimisation globale, optimums, Branch and Bound,&#46;&#46;&#46;<\/p>\n","protected":false},"author":1,"featured_media":0,"parent":0,"menu_order":0,"comment_status":"closed","ping_status":"closed","template":"","meta":[],"_links":{"self":[{"href":"http:\/\/labs.ummto.dz\/laromad\/index.php\/wp-json\/wp\/v2\/pages\/25"}],"collection":[{"href":"http:\/\/labs.ummto.dz\/laromad\/index.php\/wp-json\/wp\/v2\/pages"}],"about":[{"href":"http:\/\/labs.ummto.dz\/laromad\/index.php\/wp-json\/wp\/v2\/types\/page"}],"author":[{"embeddable":true,"href":"http:\/\/labs.ummto.dz\/laromad\/index.php\/wp-json\/wp\/v2\/users\/1"}],"replies":[{"embeddable":true,"href":"http:\/\/labs.ummto.dz\/laromad\/index.php\/wp-json\/wp\/v2\/comments?post=25"}],"version-history":[{"count":8,"href":"http:\/\/labs.ummto.dz\/laromad\/index.php\/wp-json\/wp\/v2\/pages\/25\/revisions"}],"predecessor-version":[{"id":161,"href":"http:\/\/labs.ummto.dz\/laromad\/index.php\/wp-json\/wp\/v2\/pages\/25\/revisions\/161"}],"wp:attachment":[{"href":"http:\/\/labs.ummto.dz\/laromad\/index.php\/wp-json\/wp\/v2\/media?parent=25"}],"curies":[{"name":"wp","href":"https:\/\/api.w.org\/{rel}","templated":true}]}}