
{"id":229,"date":"2020-01-08T20:30:26","date_gmt":"2020-01-08T19:30:26","guid":{"rendered":"http:\/\/labs.ummto.dz\/lmpa\/?page_id=229"},"modified":"2021-08-19T18:25:41","modified_gmt":"2021-08-19T16:25:41","slug":"equipe-5-modelisation-mathematique-et-applications","status":"publish","type":"page","link":"http:\/\/labs.ummto.dz\/lmpa\/index.php\/equipe-5-modelisation-mathematique-et-applications\/","title":{"rendered":"Equipe 04 : Mod\u00e9lisation Math\u00e9matique et Applications"},"content":{"rendered":"<h5><span style=\"color: #000080;\"><strong>Chef d\u2019\u00e9quipe<\/strong> : <span style=\"color: #000000;\">Professeur\u00a0<\/span><\/span><span style=\"color: #000080;\"><span style=\"color: #000000;\">Fazia\u00a0<\/span><\/span><span style=\"color: #000080;\"><span style=\"color: #000000;\">Bedouhene <img loading=\"lazy\" class=\"size-full wp-image-243 alignright\" src=\"http:\/\/labs.ummto.dz\/lmpa\/wp-content\/uploads\/2020\/01\/images.jpg\" alt=\"\" width=\"259\" height=\"194\" \/><\/span><\/span><\/h5>\n<p><span style=\"color: #000080;\"><strong>Domaine<\/strong>: <\/span><span style=\"color: #000000;\">Sciences math\u00e9matiques et leurs interactions<\/span><\/p>\n<p><span style=\"color: #000080;\"><strong>Mots cl\u00e9s<\/strong>: <\/span><span style=\"color: #000000;\">champs al\u00e9atoires stationnaires, pr\u00e9diction, estimation, valeurs manquantes, stabilisation, observateurs, syst\u00e8mes dynamiques, presque p\u00e9riodicit\u00e9, \u00e9quations diff\u00e9rentielles stochastiques; Th\u00e9orie des Jeux; \u00e9quilibre; incertitudes.<\/span><\/p>\n<p><span style=\"color: #000080;\"><strong>Description de la th\u00e9matique de recherche de l\u2019\u00e9quipe:<\/strong><\/span><\/p>\n<p><span style=\"color: #000000;\">L&rsquo;\u00e9quipe travaille sur\u00a0 trois axes principaux :<\/span><\/p>\n<ul>\n<li><strong><span style=\"color: #000080;\">Axe 1 : Pr\u00e9diction des champs al\u00e9atoires stationnaires.<\/span><\/strong> <span style=\"color: #000000;\">Dans le cadre de ce programme, l&rsquo;\u00e9quipe s&rsquo;int\u00e9resse aux questions suivantes :<\/span>\n<ul>\n<li><span style=\"color: #000000;\">Caract\u00e9risation les mod\u00e8les pour lesquels la perte de donn\u00e9es influe le moins sur les pr\u00e9dictions futures.<\/span><\/li>\n<li><span style=\"color: #000000;\">Quantification de l\u2019impact des donn\u00e9es manquantes et de leurs positions sur la pr\u00e9diction<\/span><\/li>\n<li><span style=\"color: #000000;\">G\u00e9n\u00e9ralisation des r\u00e9sultats de l\u2019estimation des param\u00e8tres des s\u00e9ries chronologiques, en pr\u00e9sence de donn\u00e9es manquantes, au cas des champs al\u00e9atoire. Particuli\u00e8rement, l\u2019\u00e9tude de consistance et de la normalit\u00e9 asymptotique.<\/span><\/li>\n<\/ul>\n<\/li>\n<li><span style=\"color: #000080;\"><strong>Axe 2 : Presque p\u00e9riodicit\u00e9 et \u00e9quations diff\u00e9rentielles:<\/strong> <span style=\"color: #000000;\">Cet axe se situe dans les math\u00e9matiques\u00a0fondamentales (Analyse fonctionnelle, processus presque p\u00e9riodiques). L\u2019objectif est d\u2019\u00b4\u00e9tudier la hi\u00e9rarchie des diff\u00e9rents concepts de presque <\/span><\/span><span style=\"color: #000000;\">p\u00e9riodicit\u00e9, aussi bien dans le cas d\u00b4d\u00e9terministe que stochastique. \u00a0La question d\u2019existence et d\u2019unicit\u00e9 de solution presque p\u00e9riodique (dans un certain sens) pour les \u00e9quations diff\u00e9rentielles abstraites (stochastiques) suscite aussi notre int\u00e9r\u00eat.<\/span><\/li>\n<li><strong><strong><span style=\"color: #000080;\">Axe 3 : Contr\u00f4le et estimation de l&rsquo;\u00e9tat des syst\u00e8mes dynamiques: <\/span><\/strong><\/strong><span style=\"color: #000000;\">L\u2019objectif est de d\u00e9velopper de nouvelles approches (temporelles, fr\u00e9quentielles, \u2026..) pour l\u2019analyse de la stabilisation des syst\u00e8mes dynamiques (avec ou sans retard).<\/span><\/li>\n<\/ul>\n<p><span style=\"color: #000080;\"><strong>Liste exhaustive des membres de l\u2019\u00e9quipe par grade:<\/strong><\/span><\/p>\n<p><span style=\"color: #000000;\">\n<table id=\"tablepress-Equipe_Bedouhene\" class=\"tablepress tablepress-id-Equipe_Bedouhene\">\n<thead>\n<tr class=\"row-1 odd\">\n\t<th class=\"column-1\">N\u00b0<\/th><th class=\"column-2\">Nom &amp;\u00a0Pr\u00e9nom<\/th><th class=\"column-3\">Dernier dipl\u00f4me<\/th><th class=\"column-4\">Grade<\/th><th class=\"column-5\">Sp\u00e9cialit\u00e9<\/th><th class=\"column-6\">Email\u00a0\u00a0 <\/th>\n<\/tr>\n<\/thead>\n<tbody class=\"row-hover\">\n<tr class=\"row-2 even\">\n\t<td class=\"column-1\">1<\/td><td class=\"column-2\">Fazia BEDOUHENE <\/td><td class=\"column-3\">Habilitation Universitaire<\/td><td class=\"column-4\">Professeur<\/td><td class=\"column-5\">Analyse\/RO<\/td><td class=\"column-6\">fazia.bedouhene@ummto.dz<\/td>\n<\/tr>\n<tr class=\"row-3 odd\">\n\t<td class=\"column-1\">2<\/td><td class=\"column-2\">Abdelghani HAMAZ <\/td><td class=\"column-3\">Habilitation Universitaire<\/td><td class=\"column-4\">MCA<\/td><td class=\"column-5\">Prob.Stat<\/td><td class=\"column-6\">ghani.hamaz@ummto.dz<\/td>\n<\/tr>\n<tr class=\"row-4 even\">\n\t<td class=\"column-1\">3<\/td><td class=\"column-2\">Farida ACHEMINE<\/td><td class=\"column-3\">Habilitation Universitaire<\/td><td class=\"column-4\">MCA<\/td><td class=\"column-5\">PS\/RO<\/td><td class=\"column-6\">farida.achemine@ummto.dz<\/td>\n<\/tr>\n<tr class=\"row-5 odd\">\n\t<td class=\"column-1\">4<\/td><td class=\"column-2\">Cherifa BENNANI\u00a0<\/td><td class=\"column-3\">Doctorat<\/td><td class=\"column-4\">MCB<\/td><td class=\"column-5\">R.O.<\/td><td class=\"column-6\">bennani_cherifa@yahoo.fr<\/td>\n<\/tr>\n<tr class=\"row-6 even\">\n\t<td class=\"column-1\">5<\/td><td class=\"column-2\">Hamza BIBI\u00a0<\/td><td class=\"column-3\">Doctorat<\/td><td class=\"column-4\">MCB<\/td><td class=\"column-5\">Analyse<\/td><td class=\"column-6\">bibi.hamza@yahoo.fr<\/td>\n<\/tr>\n<tr class=\"row-7 odd\">\n\t<td class=\"column-1\">6<\/td><td class=\"column-2\">Hocine KOURAT\u00a0<\/td><td class=\"column-3\">Doctorat<\/td><td class=\"column-4\">MCB<\/td><td class=\"column-5\">Analyse<\/td><td class=\"column-6\">hkourat@gmail.com<\/td>\n<\/tr>\n<tr class=\"row-8 even\">\n\t<td class=\"column-1\">7<\/td><td class=\"column-2\">Ali BOUZEKRI<\/td><td class=\"column-3\">Doctorat<\/td><td class=\"column-4\">MCB<\/td><td class=\"column-5\">Analyse<\/td><td class=\"column-6\">bouzekri.ali.lmpa@gmail.com<\/td>\n<\/tr>\n<tr class=\"row-9 odd\">\n\t<td class=\"column-1\">8<\/td><td class=\"column-2\">Youcef IBAOUENE <\/td><td class=\"column-3\">Doctorat<\/td><td class=\"column-4\">MCB<\/td><td class=\"column-5\">Analyse\u00a0<\/td><td class=\"column-6\">ibayoucef@gmail.com<\/td>\n<\/tr>\n<tr class=\"row-10 even\">\n\t<td class=\"column-1\">9<\/td><td class=\"column-2\">Kahina BEDOUHENE<\/td><td class=\"column-3\">Doctorat<\/td><td class=\"column-4\">CA<\/td><td class=\"column-5\">Analyse\/Statistique<\/td><td class=\"column-6\">kahina.bedouhene@yahoo.fr<\/td>\n<\/tr>\n<tr class=\"row-11 odd\">\n\t<td class=\"column-1\">10<\/td><td class=\"column-2\">Ouerdia AREZKI <\/td><td class=\"column-3\">Doctorat<\/td><td class=\"column-4\">CA<\/td><td class=\"column-5\">Prob.Stat<\/td><td class=\"column-6\">arezki.ouerdia@yahoo.com<\/td>\n<\/tr>\n<tr class=\"row-12 even\">\n\t<td class=\"column-1\">11<\/td><td class=\"column-2\">Souad AMRANE <\/td><td class=\"column-3\">Doctorat<\/td><td class=\"column-4\">CA<\/td><td class=\"column-5\">Analyse\u00a0<\/td><td class=\"column-6\">amranesouad@yahoo.fr<\/td>\n<\/tr>\n<tr class=\"row-13 odd\">\n\t<td class=\"column-1\">12<\/td><td class=\"column-2\">Djamila BENAOUDIA\u00a0<\/td><td class=\"column-3\">Magister<\/td><td class=\"column-4\">MAA<\/td><td class=\"column-5\">Analyse<\/td><td class=\"column-6\">benaoudia_djamila@yahoo.fr<\/td>\n<\/tr>\n<tr class=\"row-14 even\">\n\t<td class=\"column-1\">13<\/td><td class=\"column-2\">Lydia MOKTEFI <\/td><td class=\"column-3\">Magister<\/td><td class=\"column-4\">MAB<\/td><td class=\"column-5\">Analyse\u00a0<\/td><td class=\"column-6\">Moktefi.lydia@yahoo.fr<\/td>\n<\/tr>\n<tr class=\"row-15 odd\">\n\t<td class=\"column-1\">14<\/td><td class=\"column-2\">Hassane ZINE<\/td><td class=\"column-3\">Master<\/td><td class=\"column-4\">Doctorant<\/td><td class=\"column-5\">Analyse\u00a0<\/td><td class=\"column-6\">hassane.zine@ummto.dz<\/td>\n<\/tr>\n<tr class=\"row-16 even\">\n\t<td class=\"column-1\">15<\/td><td class=\"column-2\">Mohamed AZOUZ<\/td><td class=\"column-3\">Master<\/td><td class=\"column-4\">Doctorant<\/td><td class=\"column-5\">Analyse\u00a0<\/td><td class=\"column-6\">mohamed.azzouz@ummto.dz<\/td>\n<\/tr>\n<tr class=\"row-17 odd\">\n\t<td class=\"column-1\">16<\/td><td class=\"column-2\">Samir BELHADJ<\/td><td class=\"column-3\">Master<\/td><td class=\"column-4\">Doctorant<\/td><td class=\"column-5\">Analyse\/Alg\u00e8bre<\/td><td class=\"column-6\">samir.belhadj@ummto.dz<\/td>\n<\/tr>\n<tr class=\"row-18 even\">\n\t<td class=\"column-1\">17<\/td><td class=\"column-2\">Amel SAIDI<\/td><td class=\"column-3\">Master<\/td><td class=\"column-4\">Doctorante<\/td><td class=\"column-5\">Prob.Stat<\/td><td class=\"column-6\">saidiamel93@gmail.com<\/td>\n<\/tr>\n<tr class=\"row-19 odd\">\n\t<td class=\"column-1\">18<\/td><td class=\"column-2\">Ania ADIL <\/td><td class=\"column-3\">Master<\/td><td class=\"column-4\">Doctorante<\/td><td class=\"column-5\">Analyse\u00a0<\/td><td class=\"column-6\">ania.adil@ummto.dz<\/td>\n<\/tr>\n<tr class=\"row-20 even\">\n\t<td class=\"column-1\">19<\/td><td class=\"column-2\">Hasni AREZKI <\/td><td class=\"column-3\">Master<\/td><td class=\"column-4\">Doctorante<\/td><td class=\"column-5\">Analyse\u00a0<\/td><td class=\"column-6\">Hasni.arezki@ummto.dz<\/td>\n<\/tr>\n<tr class=\"row-21 odd\">\n\t<td class=\"column-1\">20<\/td><td class=\"column-2\">Sabrina BOUGHRARA<\/td><td class=\"column-3\">Master<\/td><td class=\"column-4\">Doctorante<\/td><td class=\"column-5\">Prob.Stat<\/td><td class=\"column-6\">sabrinaboughrara@gmail.com<\/td>\n<\/tr>\n<\/tbody>\n<\/table>\n<!-- #tablepress-Equipe_Bedouhene from cache --><\/span><\/p>\n<hr \/>\n<ul>\n<li><span style=\"color: #000000;\">MCA: Maitres de conf\u00e9rences A;<\/span><\/li>\n<li><span style=\"color: #000000;\">MCB: Maitres de conf\u00e9rences B;<\/span><\/li>\n<li><span style=\"color: #000000;\">MAA: Maitre assistant A;<\/span><\/li>\n<li><span style=\"color: #000000;\">MAB: Maitre assistant B;<\/span><\/li>\n<li><span style=\"color: #000000;\">CA: Chercheur associ\u00e9;<\/span><\/li>\n<li><span style=\"color: #000000;\">RO: Recherche Op\u00e9rationnelle;<\/span><\/li>\n<\/ul>\n","protected":false},"excerpt":{"rendered":"<p>Chef d\u2019\u00e9quipe : Professeur\u00a0Fazia\u00a0Bedouhene Domaine: Sciences math\u00e9matiques et leurs interactions Mots cl\u00e9s: champs al\u00e9atoires stationnaires, pr\u00e9diction, estimation, valeurs manquantes, stabilisation, observateurs, syst\u00e8mes dynamiques, presque p\u00e9riodicit\u00e9, \u00e9quations diff\u00e9rentielles stochastiques; Th\u00e9orie des Jeux; \u00e9quilibre; incertitudes. Description&#46;&#46;&#46;<\/p>\n","protected":false},"author":1,"featured_media":0,"parent":0,"menu_order":0,"comment_status":"closed","ping_status":"closed","template":"","meta":[],"_links":{"self":[{"href":"http:\/\/labs.ummto.dz\/lmpa\/index.php\/wp-json\/wp\/v2\/pages\/229"}],"collection":[{"href":"http:\/\/labs.ummto.dz\/lmpa\/index.php\/wp-json\/wp\/v2\/pages"}],"about":[{"href":"http:\/\/labs.ummto.dz\/lmpa\/index.php\/wp-json\/wp\/v2\/types\/page"}],"author":[{"embeddable":true,"href":"http:\/\/labs.ummto.dz\/lmpa\/index.php\/wp-json\/wp\/v2\/users\/1"}],"replies":[{"embeddable":true,"href":"http:\/\/labs.ummto.dz\/lmpa\/index.php\/wp-json\/wp\/v2\/comments?post=229"}],"version-history":[{"count":17,"href":"http:\/\/labs.ummto.dz\/lmpa\/index.php\/wp-json\/wp\/v2\/pages\/229\/revisions"}],"predecessor-version":[{"id":742,"href":"http:\/\/labs.ummto.dz\/lmpa\/index.php\/wp-json\/wp\/v2\/pages\/229\/revisions\/742"}],"wp:attachment":[{"href":"http:\/\/labs.ummto.dz\/lmpa\/index.php\/wp-json\/wp\/v2\/media?parent=229"}],"curies":[{"name":"wp","href":"https:\/\/api.w.org\/{rel}","templated":true}]}}