
{"id":276,"date":"2020-01-09T13:57:28","date_gmt":"2020-01-09T12:57:28","guid":{"rendered":"http:\/\/labs.ummto.dz\/lmpa\/?page_id=276"},"modified":"2021-08-18T14:58:36","modified_gmt":"2021-08-18T12:58:36","slug":"nos-projets","status":"publish","type":"page","link":"http:\/\/labs.ummto.dz\/lmpa\/index.php\/nos-projets\/","title":{"rendered":"Nos projets"},"content":{"rendered":"<h3 style=\"text-align: center;\"><span style=\"color: #800080;\"><strong><u>Projets de Recherche PRFU en Cours de Mise en \u0152uvre au niveau du laboratoire LMPA<\/u><\/strong><\/span><\/h3>\n<p style=\"text-align: center;\">\n<table id=\"tablepress-PRFU\" class=\"tablepress tablepress-id-PRFU\">\n<thead>\n<tr class=\"row-1 odd\">\n\t<th class=\"column-1\">N\u00b0<\/th><th class=\"column-2\">Intitul\u00e9 du Projet<\/th><th class=\"column-3\">Chef du Projet\u00a0:<\/th><th class=\"column-4\">Membres du projet <br \/>\n<br \/>\n(Nom et pr\u00e9nom)<\/th><th class=\"column-5\">Date d\u2019agr\u00e9ment et dur\u00e9e du projet<\/th>\n<\/tr>\n<\/thead>\n<tbody class=\"row-hover\">\n<tr class=\"row-2 even\">\n\t<td class=\"column-1\">1<\/td><td class=\"column-2\"> M\u00e9thodes Statistiques d\u00e9cisionnelles et d\u00e9tection d\u2019outliers. Code\u00a0du projet: C00L03UN150120220001<\/td><td class=\"column-3\">Pr. Fellag Hocine<\/td><td class=\"column-4\">Dr. Atil Lynda; Dr. Belkacem Cherifa; Harrouche Lyasmine (doc.); Haddadou Kamelia (doc.); Bersi Hand (doc.)<\/td><td class=\"column-5\">2022-2025 <br \/>\nProjet soumis<\/td>\n<\/tr>\n<tr class=\"row-3 odd\">\n\t<td class=\"column-1\">2<\/td><td class=\"column-2\">Contribution \u00e0 l\u2019\u00e9tude des syst\u00e8mes dynamiques. Code\u00a0du projet: C00L03UN150120220003<\/td><td class=\"column-3\">Pr. Fazia Bedouhene<\/td><td class=\"column-4\">Dr. Bouzekri Ali; Dr. Ibaouene Youcef; Zine Hassane (doc.); Azouz Mohamed (doc.); Benaoudia Djamila (doc.)<\/td><td class=\"column-5\">2022-2025 <br \/>\nProjet soumis<\/td>\n<\/tr>\n<tr class=\"row-4 even\">\n\t<td class=\"column-1\">3<\/td><td class=\"column-2\">Syst\u00e8mes dynamiques et champs al\u00e9atoires. Code\u00a0du projet: C00L03UN150120220002<\/td><td class=\"column-3\">Dr. Hamaz Abdelghani<\/td><td class=\"column-4\">Saidi Amel (doc.); Adil Ania (doc.)<\/td><td class=\"column-5\">2022-2025 <br \/>\nProjet soumis<\/td>\n<\/tr>\n<tr class=\"row-5 odd\">\n\t<td class=\"column-1\">4<\/td><td class=\"column-2\">Mod\u00e9lisation math\u00e9matique de l\u2019effet de couches minces en m\u00e9canique des structures. Analyse Asymptotique et conditions aux limites approch\u00e9es<\/td><td class=\"column-3\">Pr. Rahmani Leila<\/td><td class=\"column-4\">Mokhtari Hanifa (doc.); Madjour Farida (doc.); Menguelti Ali (doc.)<\/td><td class=\"column-5\">2019-2022; <br \/>\nAgr\u00e9\u00e9 pour 4 ans<\/td>\n<\/tr>\n<tr class=\"row-6 even\">\n\t<td class=\"column-1\">5<\/td><td class=\"column-2\">Comportement asymptotique de Processus et Fiabilit\u00e9 des syst\u00e8mes d\u2019attente<\/td><td class=\"column-3\">Pr. Hamadouche Djamel<\/td><td class=\"column-4\">Moussouni Samia (doc.); Afroun Fairouz (doc.)<\/td><td class=\"column-5\">2019-2022; <br \/>\nAgr\u00e9\u00e9 pour 4 ans<\/td>\n<\/tr>\n<tr class=\"row-7 odd\">\n\t<td class=\"column-1\">6<\/td><td class=\"column-2\">Inf\u00e9rence dans les processus lin\u00e9aires avec innovations associ\u00e9es et probl\u00e8me de ruine<\/td><td class=\"column-3\">Pr. Berkoun Youcef<\/td><td class=\"column-4\">Bouziane Houria (doc.); <br \/>\nZemoul Sara-Imane (doc.)<\/td><td class=\"column-5\">2019-2022; <br \/>\nAgr\u00e9\u00e9 pour 4 ans<\/td>\n<\/tr>\n<\/tbody>\n<\/table>\n<!-- #tablepress-PRFU from cache --><\/p>\n<hr \/>\n<h3 style=\"text-align: center;\"><span style=\"color: #800080;\"><strong><u>Projets de Recherche CNEPRU Ant\u00e9rieurs <\/u><\/strong><\/span><\/h3>\n<p style=\"text-align: center;\">\n<table id=\"tablepress-Cnepru\" class=\"tablepress tablepress-id-Cnepru\">\n<thead>\n<tr class=\"row-1 odd\">\n\t<th class=\"column-1\">N\u00b0<\/th><th class=\"column-2\">Chef du projet CNEPRU<\/th><th class=\"column-3\">Intitul\u00e9 du projet<\/th><th class=\"column-4\">Code<\/th><th class=\"column-5\">P\u00e9riode<\/th>\n<\/tr>\n<\/thead>\n<tbody class=\"row-hover\">\n<tr class=\"row-2 even\">\n\t<td class=\"column-1\">13<\/td><td class=\"column-2\">Dr. Mannal Smaali<\/td><td class=\"column-3\">Etude des solutions de type presque p\u00e9riodique des \u00e9quations diff\u00e9rentielles stochastiques<\/td><td class=\"column-4\">C00L03UN150120180003<\/td><td class=\"column-5\">2018-2021<\/td>\n<\/tr>\n<tr class=\"row-3 odd\">\n\t<td class=\"column-1\">8<\/td><td class=\"column-2\">Pr. Berkoun Youcef<\/td><td class=\"column-3\">Inf\u00e9rence statistique dans les s\u00e9ries chronologiques et mesures de risques sous d\u00e9pendance,\u00a0 <\/td><td class=\"column-4\">C00L03UN150120120006<\/td><td class=\"column-5\">2013-2016<\/td>\n<\/tr>\n<tr class=\"row-4 even\">\n\t<td class=\"column-1\">9<\/td><td class=\"column-2\">Pr. Berkoun Youcef<\/td><td class=\"column-3\">Mesures de risques et\u00a0 probabilit\u00e9\u00a0 de\u00a0 ruine\u00a0 dans\u00a0 le\u00a0 cas multivari\u00e9, <\/td><td class=\"column-4\">C00L03UN150120150010<\/td><td class=\"column-5\">2016-2019<\/td>\n<\/tr>\n<tr class=\"row-5 odd\">\n\t<td class=\"column-1\">10<\/td><td class=\"column-2\">Pr. Fazia Bedouhene<\/td><td class=\"column-3\">Ge\u0301ome\u0301trie des espaces de Banach et proble\u0300mes de pre\u0301diction <\/td><td class=\"column-4\">B00520110014<\/td><td class=\"column-5\">2011-2015<\/td>\n<\/tr>\n<tr class=\"row-6 even\">\n\t<td class=\"column-1\">11<\/td><td class=\"column-2\">Pr. Fazia Bedouhene<\/td><td class=\"column-3\">Analyse et simulation des syste\u0300mes dynamiques incertains<\/td><td class=\"column-4\">C00L03UN150120140031<\/td><td class=\"column-5\">2015-2018<\/td>\n<\/tr>\n<tr class=\"row-7 odd\">\n\t<td class=\"column-1\">12<\/td><td class=\"column-2\">Pr. Fazia Bedouhene<\/td><td class=\"column-3\">Stabilit\u00e9 des syst\u00e8mes dynamiques et probl\u00e8mes de pr\u00e9diction<\/td><td class=\"column-4\">C00L03UN150120180002<\/td><td class=\"column-5\">2018-2021<\/td>\n<\/tr>\n<tr class=\"row-8 even\">\n\t<td class=\"column-1\">1<\/td><td class=\"column-2\">Pr. Hamadouche\u00a0Djamel<\/td><td class=\"column-3\">Approximation dans les syst\u00e8mes d\u2019attente non fiables et statistique de processus<\/td><td class=\"column-4\">C00L03UN150120150002<\/td><td class=\"column-5\">2016-2019<\/td>\n<\/tr>\n<tr class=\"row-9 odd\">\n\t<td class=\"column-1\">2<\/td><td class=\"column-2\">Pr. Hamadouche\u00a0Djamel<\/td><td class=\"column-3\">Principes d\u2019invariance, convergence des processus et statistique<\/td><td class=\"column-4\">M00820110015<\/td><td class=\"column-5\">2012-2015<\/td>\n<\/tr>\n<tr class=\"row-10 even\">\n\t<td class=\"column-1\">3<\/td><td class=\"column-2\">Pr. Hamadouche\u00a0Djamel<\/td><td class=\"column-3\">Etude asymptotique de processus stochastiques et applications statistiques<\/td><td class=\"column-4\">B00520080063<\/td><td class=\"column-5\">2009-2011<\/td>\n<\/tr>\n<tr class=\"row-11 odd\">\n\t<td class=\"column-1\">4<\/td><td class=\"column-2\">Pr. Hamadouche\u00a0Djamel<\/td><td class=\"column-3\">Convergence h\u00f6lderienne de processus stochastiques et statistique<\/td><td class=\"column-4\">B00520050048<\/td><td class=\"column-5\">2005-2008<\/td>\n<\/tr>\n<tr class=\"row-12 even\">\n\t<td class=\"column-1\">5<\/td><td class=\"column-2\">Pr. Hocine Fellag<\/td><td class=\"column-3\">Statistique des s\u00e9ries chronologiques et\u00a0 M\u00e9thodes de Monte Carlo. <\/td><td class=\"column-4\">B00520080025<\/td><td class=\"column-5\">2009-2012<\/td>\n<\/tr>\n<tr class=\"row-13 odd\">\n\t<td class=\"column-1\">6<\/td><td class=\"column-2\">Pr. Hocine Fellag<\/td><td class=\"column-3\">Techniques de la d\u00e9cision statistique Bayesienne. <\/td><td class=\"column-4\">B00520120021<\/td><td class=\"column-5\">2013-2016<\/td>\n<\/tr>\n<tr class=\"row-14 even\">\n\t<td class=\"column-1\">7<\/td><td class=\"column-2\">Pr. Hocine Fellag<\/td><td class=\"column-3\">Statistique Alg\u00e9brique et Bayesienne. <\/td><td class=\"column-4\">C00L03UN150120180001<\/td><td class=\"column-5\">2018-2021<\/td>\n<\/tr>\n<tr class=\"row-15 odd\">\n\t<td class=\"column-1\">14<\/td><td class=\"column-2\">Pr. Mohamed Morsli<\/td><td class=\"column-3\">\u00c9tude de propri\u00e9t\u00e9s m\u00e9triques et de convexit\u00e9 dans les espaces fonctionnels. Application aux probl\u00e8mes de l'optimisation<\/td><td class=\"column-4\">B*1501\/02\/2000<\/td><td class=\"column-5\">2000-2004<\/td>\n<\/tr>\n<tr class=\"row-16 even\">\n\t<td class=\"column-1\">15<\/td><td class=\"column-2\">Pr. Mohamed Morsli<\/td><td class=\"column-3\">M\u00e9thodes de la g\u00e9om\u00e9trie des espaces de Banach en th\u00e9orie de l'approximation.. Cas des espaces d'Orlicz<\/td><td class=\"column-4\">B*1501\/02\/2005<\/td><td class=\"column-5\">2005-2008<\/td>\n<\/tr>\n<tr class=\"row-17 odd\">\n\t<td class=\"column-1\">16<\/td><td class=\"column-2\">Pr. Mohamed Morsli<\/td><td class=\"column-3\">Etude et applications de diff\u00e9rentes classes de fonctions presque p\u00e9riodiques<\/td><td class=\"column-4\">B* B00520070009<\/td><td class=\"column-5\">2008-2010<\/td>\n<\/tr>\n<\/tbody>\n<\/table>\n<!-- #tablepress-Cnepru from cache --><\/p>\n<hr \/>\n<ul>\n<li style=\"text-align: justify;\"><span style=\"color: #000000;\">Coop\u00e9ration Projet international PCI M\u00e9diterran\u00e9e Algerie-Espagne sur l\u2019ing\u00e9nierie de la \u00a0d\u00e9cision \u00a0statistique avec\u00a0 Rey Juan Carlos university, Madrid, 2009-2010. Responsable du Projet: Pr. Hocine Fellag<\/span><\/li>\n<\/ul>\n<p style=\"text-align: justify;\">\n","protected":false},"excerpt":{"rendered":"<p>Projets de Recherche PRFU en Cours de Mise en \u0152uvre au niveau du laboratoire LMPA Projets de Recherche CNEPRU Ant\u00e9rieurs Coop\u00e9ration Projet international PCI M\u00e9diterran\u00e9e Algerie-Espagne sur l\u2019ing\u00e9nierie de la \u00a0d\u00e9cision \u00a0statistique avec\u00a0 Rey&#46;&#46;&#46;<\/p>\n","protected":false},"author":1,"featured_media":0,"parent":0,"menu_order":0,"comment_status":"closed","ping_status":"closed","template":"","meta":[],"_links":{"self":[{"href":"http:\/\/labs.ummto.dz\/lmpa\/index.php\/wp-json\/wp\/v2\/pages\/276"}],"collection":[{"href":"http:\/\/labs.ummto.dz\/lmpa\/index.php\/wp-json\/wp\/v2\/pages"}],"about":[{"href":"http:\/\/labs.ummto.dz\/lmpa\/index.php\/wp-json\/wp\/v2\/types\/page"}],"author":[{"embeddable":true,"href":"http:\/\/labs.ummto.dz\/lmpa\/index.php\/wp-json\/wp\/v2\/users\/1"}],"replies":[{"embeddable":true,"href":"http:\/\/labs.ummto.dz\/lmpa\/index.php\/wp-json\/wp\/v2\/comments?post=276"}],"version-history":[{"count":30,"href":"http:\/\/labs.ummto.dz\/lmpa\/index.php\/wp-json\/wp\/v2\/pages\/276\/revisions"}],"predecessor-version":[{"id":421,"href":"http:\/\/labs.ummto.dz\/lmpa\/index.php\/wp-json\/wp\/v2\/pages\/276\/revisions\/421"}],"wp:attachment":[{"href":"http:\/\/labs.ummto.dz\/lmpa\/index.php\/wp-json\/wp\/v2\/media?parent=276"}],"curies":[{"name":"wp","href":"https:\/\/api.w.org\/{rel}","templated":true}]}}