
{"id":291,"date":"2020-01-09T14:35:31","date_gmt":"2020-01-09T13:35:31","guid":{"rendered":"http:\/\/labs.ummto.dz\/lmpa\/?page_id=291"},"modified":"2021-08-20T15:48:23","modified_gmt":"2021-08-20T13:48:23","slug":"masters-soutenus","status":"publish","type":"page","link":"http:\/\/labs.ummto.dz\/lmpa\/index.php\/masters-soutenus\/","title":{"rendered":"Masters &#038; Ing\u00e9niorats soutenus"},"content":{"rendered":"\n<table id=\"tablepress-Master\" class=\"tablepress tablepress-id-Master my-justify-class\">\n<thead>\n<tr class=\"row-1\">\n\t<th class=\"column-1\">Th\u00e8me du m\u00e9moire<\/th><th class=\"column-2\">\u00c9tudiant<\/th><th class=\"column-3\">Ann\u00e9e<\/th><th class=\"column-4\">Encadrant<\/th><th class=\"column-5\">Sp\u00e9cialit\u00e9<\/th>\n<\/tr>\n<\/thead>\n<tbody class=\"row-hover\">\n<tr class=\"row-2\">\n\t<td class=\"column-1\">Th\u00e9orie spectrale des semi-groupes fortement continus d'op\u00e9rateurs lin\u00e9aires born\u00e9s<\/td><td class=\"column-2\">Belhadj, Samir<\/td><td class=\"column-3\">2015<\/td><td class=\"column-4\">Challali Nouredine<\/td><td class=\"column-5\">Analyse<\/td>\n<\/tr>\n<tr class=\"row-3\">\n\t<td class=\"column-1\">Synth\u00e8se d'Observateur \u00e0 entr\u00e9e inconnue pour une classe de syst\u00e8me non lin\u00e9aire<\/td><td class=\"column-2\">Amiar Kamel et Nait Larbi Mohand Larbi<\/td><td class=\"column-3\">2020<\/td><td class=\"column-4\">Fazia Bedouhene<\/td><td class=\"column-5\">RO<\/td>\n<\/tr>\n<tr class=\"row-4\">\n\t<td class=\"column-1\">Sur quelques th\u00e9or\u00e8mes du point fixe<\/td><td class=\"column-2\">Yakoubi, Faiza<\/td><td class=\"column-3\">2017<\/td><td class=\"column-4\">Zidi Yamina<\/td><td class=\"column-5\">Analyse<\/td>\n<\/tr>\n<tr class=\"row-5\">\n\t<td class=\"column-1\">Sur les variables de contr\u00f4le dans les m\u00e9thodes MCMC.<\/td><td class=\"column-2\">Bersi  Hand<\/td><td class=\"column-3\">2013<\/td><td class=\"column-4\">Hocine Fellag<\/td><td class=\"column-5\">PS<\/td>\n<\/tr>\n<tr class=\"row-6\">\n\t<td class=\"column-1\">Sur les mod\u00e8les markoviens \u00e0 changement de r\u00e9gime<\/td><td class=\"column-2\">Bensafi, Loudmilla &amp; Khedim, Sihem<\/td><td class=\"column-3\">2014<\/td><td class=\"column-4\">Hocine Fellag<\/td><td class=\"column-5\">PS<\/td>\n<\/tr>\n<tr class=\"row-7\">\n\t<td class=\"column-1\">Sur les mod\u00e8les hi\u00e9rarchiques bay\u00e9siens<\/td><td class=\"column-2\">Aissoun, Roza<\/td><td class=\"column-3\">2013<\/td><td class=\"column-4\">Hocine Fellag<\/td><td class=\"column-5\">PS<\/td>\n<\/tr>\n<tr class=\"row-8\">\n\t<td class=\"column-1\">Sur les mod\u00e8les GARCH multivari\u00e9s<\/td><td class=\"column-2\">Mesloub Ali<\/td><td class=\"column-3\">2017<\/td><td class=\"column-4\">Abdelghani Hamaz<\/td><td class=\"column-5\">Analyse<\/td>\n<\/tr>\n<tr class=\"row-9\">\n\t<td class=\"column-1\">Sur les fonctions S- asymptotiquement w-p\u00e9riodiques<\/td><td class=\"column-2\">SLIMANI Zahia<\/td><td class=\"column-3\">2020<\/td><td class=\"column-4\">Mannal SMAALI<\/td><td class=\"column-5\">Analyse<\/td>\n<\/tr>\n<tr class=\"row-10\">\n\t<td class=\"column-1\">Sur les fonctions presque p\u00e9riodiques \u00e0 valeurs vectorielles\u00a0<\/td><td class=\"column-2\">Slimi, Karima<\/td><td class=\"column-3\">2015<\/td><td class=\"column-4\">Daoui Amina<\/td><td class=\"column-5\">Analyse<\/td>\n<\/tr>\n<tr class=\"row-11\">\n\t<td class=\"column-1\">Sur la topologie de Skorohod<\/td><td class=\"column-2\">Nissa ARIB<\/td><td class=\"column-3\">2018<\/td><td class=\"column-4\">Mannal SMAALI<\/td><td class=\"column-5\">Analyse<\/td>\n<\/tr>\n<tr class=\"row-12\">\n\t<td class=\"column-1\">Sur la r\u00e9duction d\u0092une classe de syst\u00e8mes non lin\u00e9aires \u00e0 temps discrets,<\/td><td class=\"column-2\">Sadaoui Hamza<\/td><td class=\"column-3\">2015<\/td><td class=\"column-4\">Fazia Bedouhene<\/td><td class=\"column-5\">Analyse<\/td>\n<\/tr>\n<tr class=\"row-13\">\n\t<td class=\"column-1\">Sur la d\u00e9cision statistique dans le contexte Bayesien<\/td><td class=\"column-2\">Larbi Lydia \u00e9p. Hebib<\/td><td class=\"column-3\">2011<\/td><td class=\"column-4\">Hocine Fellag<\/td><td class=\"column-5\">PS<\/td>\n<\/tr>\n<tr class=\"row-14\">\n\t<td class=\"column-1\">Sur l'estimation des mod\u00e8les autor\u00e9gressifs spatiaux<\/td><td class=\"column-2\">Mezala Katia<\/td><td class=\"column-3\">2018<\/td><td class=\"column-4\">Abdelghani Hamaz<\/td><td class=\"column-5\">Analyse<\/td>\n<\/tr>\n<tr class=\"row-15\">\n\t<td class=\"column-1\">Sur certains probl\u00e8mes de presque p\u00e9riodicit\u00e9<\/td><td class=\"column-2\">Yazid DAHMOUN<\/td><td class=\"column-3\">2020<\/td><td class=\"column-4\">Mannal SMAALI<\/td><td class=\"column-5\">Analyse<\/td>\n<\/tr>\n<tr class=\"row-16\">\n\t<td class=\"column-1\">Solutions pseudo presque p\u00e9riodiques et pseudo presque automorphes des \u00e9quations d'\u00e9volution dans un espace de Hilbert<\/td><td class=\"column-2\">Thiziri MOULLA<\/td><td class=\"column-3\">2017<\/td><td class=\"column-4\">Mannal SMAALI<\/td><td class=\"column-5\">Analyse<\/td>\n<\/tr>\n<tr class=\"row-17\">\n\t<td class=\"column-1\">R\u00e9sultats d'existence d'un probl\u00e8me d'\u00e9volution non lin\u00e9aire du type Khirchho-Carrier<\/td><td class=\"column-2\">Ibaouene Youcef<\/td><td class=\"column-3\">2014<\/td><td class=\"column-4\">Fazia Bedouhene<\/td><td class=\"column-5\">Analyse<\/td>\n<\/tr>\n<tr class=\"row-18\">\n\t<td class=\"column-1\">Repr\u00e9sentation ARCH infinie des mod\u00e8les GARCH<\/td><td class=\"column-2\">Azrak Imane<\/td><td class=\"column-3\">2018<\/td><td class=\"column-4\">Abdelghani Hamaz<\/td><td class=\"column-5\">Analyse<\/td>\n<\/tr>\n<tr class=\"row-19\">\n\t<td class=\"column-1\">Quelques espaces fonctionnels pour les E.D.P<\/td><td class=\"column-2\">Cherfi, Amirouche<\/td><td class=\"column-3\">2016<\/td><td class=\"column-4\">Morsli Mohamed<\/td><td class=\"column-5\">Analyse<\/td>\n<\/tr>\n<tr class=\"row-20\">\n\t<td class=\"column-1\">Processus de branchement de Galton-Watson et applications<\/td><td class=\"column-2\">Ouarrad Ad\u00e9lia et Gherrar Nassima<\/td><td class=\"column-3\">2012<\/td><td class=\"column-4\">Djamel Hamadouche<\/td><td class=\"column-5\">PS<\/td>\n<\/tr>\n<tr class=\"row-21\">\n\t<td class=\"column-1\">Probl\u00e8mes de rupture  dans les s\u00e9ries chronologiques<\/td><td class=\"column-2\">\u00a0Ait youcef Malha<\/td><td class=\"column-3\">2019<\/td><td class=\"column-4\">\u00a0BELKACEM CHERIFA<\/td><td class=\"column-5\">PS<\/td>\n<\/tr>\n<tr class=\"row-22\">\n\t<td class=\"column-1\">Presque p\u00e9riodicit\u00e9 des processus stochastiques<\/td><td class=\"column-2\">Farida MADJOUR<\/td><td class=\"column-3\">2014<\/td><td class=\"column-4\">Mannal SMAALI<\/td><td class=\"column-5\">Analyse<\/td>\n<\/tr>\n<tr class=\"row-23\">\n\t<td class=\"column-1\">Pr\u00e9diction dans les s\u00e9ries\u00a0 chronologiques<\/td><td class=\"column-2\">Hemsas Ouahiba<\/td><td class=\"column-3\">2014<\/td><td class=\"column-4\">Berkoun Youcef<\/td><td class=\"column-5\">PS<\/td>\n<\/tr>\n<tr class=\"row-24\">\n\t<td class=\"column-1\">Perturbations singuli\u00e8res et probl\u00e8mes aux limites<\/td><td class=\"column-2\">Taouci Cylia<\/td><td class=\"column-3\">2018<\/td><td class=\"column-4\">RAHMANI Leila<\/td><td class=\"column-5\">Analyse<\/td>\n<\/tr>\n<tr class=\"row-25\">\n\t<td class=\"column-1\">Optimisation dans les syst\u00e8mes de files d'attente : Cas de gestion des arriv\u00e9es d'avions dans l'a\u00e9rodrome de l'a\u00e9roport d'Alger<\/td><td class=\"column-2\">Baahmed Ahmed et Bechar Karim<\/td><td class=\"column-3\">2017<\/td><td class=\"column-4\">Djamel Hamadouche<\/td><td class=\"column-5\">RO<\/td>\n<\/tr>\n<tr class=\"row-26\">\n\t<td class=\"column-1\">Optimisation dans les r\u00e9seaux de t\u00e9l\u00e9communication : Cas d\u0092un central t\u00e9l\u00e9phonique<\/td><td class=\"column-2\">Djebid Ali et Oumohand Amer<\/td><td class=\"column-3\">2018<\/td><td class=\"column-4\">Djamel Hamadouche<\/td><td class=\"column-5\">RO<\/td>\n<\/tr>\n<tr class=\"row-27\">\n\t<td class=\"column-1\">Mod\u00e9lisation et Optimisation du t\u00e9l\u00e9trafic dans un centre d\u0092appels t\u00e9l\u00e9phoniques<\/td><td class=\"column-2\">Ouhachi Dihya et Hassani Karima<\/td><td class=\"column-3\">2019<\/td><td class=\"column-4\">Djamel Hamadouche<\/td><td class=\"column-5\">RO<\/td>\n<\/tr>\n<tr class=\"row-28\">\n\t<td class=\"column-1\">\u00a0Mod\u00e9lisation de files d'attente et simulation : Cas de gestion de caisses d'un supermarch\u00e9<\/td><td class=\"column-2\">Boudane Massiva et Salmi Nadia<\/td><td class=\"column-3\">2016<\/td><td class=\"column-4\">Djamel Hamadouche<\/td><td class=\"column-5\">RO<\/td>\n<\/tr>\n<tr class=\"row-29\">\n\t<td class=\"column-1\">Mod\u00e8les GARCH pr\u00e9-Int\u00e9gr\u00e9s<\/td><td class=\"column-2\">Chalal Afaf<\/td><td class=\"column-3\">2016<\/td><td class=\"column-4\">Abdelghani Hamaz<\/td><td class=\"column-5\">PS<\/td>\n<\/tr>\n<tr class=\"row-30\">\n\t<td class=\"column-1\">Mod\u00e8les de survie. En collaboration avec le CHU de Tizi-Ouzou.<\/td><td class=\"column-2\">Harrouche, Lyasmine<\/td><td class=\"column-3\">2018<\/td><td class=\"column-4\">Hocine Fellag<\/td><td class=\"column-5\">PS<\/td>\n<\/tr>\n<tr class=\"row-31\">\n\t<td class=\"column-1\">M\u00e9thodes  de  Monte Carlo, Application  Bay\u00e9sienne.<\/td><td class=\"column-2\">\u00a0Touam Abderrezak<\/td><td class=\"column-3\">2018<\/td><td class=\"column-4\">\u00a0BELKACEM CHERIFA<\/td><td class=\"column-5\">PS<\/td>\n<\/tr>\n<tr class=\"row-32\">\n\t<td class=\"column-1\">M\u00e9thodes asymptotiques pour les couches minces\u00a0: application aux cellules biologiques<\/td><td class=\"column-2\">Mahdi Brahim<\/td><td class=\"column-3\">2015<\/td><td class=\"column-4\">RAHMANI Leila<\/td><td class=\"column-5\">Analyse<\/td>\n<\/tr>\n<tr class=\"row-33\">\n\t<td class=\"column-1\">M\u00e9thode de s\u00e9paration de Favard pour les \u00e9quations diff\u00e9rentielles stochastiques<\/td><td class=\"column-2\">\u00a0BEN SLIMANE Thinhinane<\/td><td class=\"column-3\">2018<\/td><td class=\"column-4\">MELLAH Omar<\/td><td class=\"column-5\">Analyse<\/td>\n<\/tr>\n<tr class=\"row-34\">\n\t<td class=\"column-1\">Mesures de risque\u00a0\u00a0 en finance<\/td><td class=\"column-2\">Mokrani\u00a0 Fatiha<\/td><td class=\"column-3\">2011<\/td><td class=\"column-4\">Berkoun Youcef<\/td><td class=\"column-5\">PS<\/td>\n<\/tr>\n<tr class=\"row-35\">\n\t<td class=\"column-1\">Mesures de distorsion et optimisation de portefeuille<\/td><td class=\"column-2\">Mihoubi Warda<\/td><td class=\"column-3\">2013<\/td><td class=\"column-4\">Berkoun Youcef<\/td><td class=\"column-5\">PS<\/td>\n<\/tr>\n<tr class=\"row-36\">\n\t<td class=\"column-1\">Les techniques de bootstrap appliqu\u00e9es aux tests de la racine unit\u00e9<\/td><td class=\"column-2\">Haddadou Kamilia<\/td><td class=\"column-3\">2018<\/td><td class=\"column-4\">Atil Lynda<\/td><td class=\"column-5\">PS<\/td>\n<\/tr>\n<tr class=\"row-37\">\n\t<td class=\"column-1\">Les oscillations presque p\u00e9riodiques de Stepanov et leurs discr\u00e9tisations<\/td><td class=\"column-2\">Arezki Hasni<\/td><td class=\"column-3\">2016<\/td><td class=\"column-4\">Fazia Bedouhene<\/td><td class=\"column-5\">Analyse<\/td>\n<\/tr>\n<tr class=\"row-38\">\n\t<td class=\"column-1\">Les observateurs d'\u00e9tat des syst\u00e8mes non lin\u00e9aires : approche de l'\u00e9quation alg\u00e9brique de Riccati<\/td><td class=\"column-2\">Amrane Souad<\/td><td class=\"column-3\">2015<\/td><td class=\"column-4\">Fazia Bedouhene<\/td><td class=\"column-5\">Analyse<\/td>\n<\/tr>\n<tr class=\"row-39\">\n\t<td class=\"column-1\">Les m\u00e9thodes variationnelles Bayesiennes .<\/td><td class=\"column-2\">Graiche, Kahina\u00a0<\/td><td class=\"column-3\">2013<\/td><td class=\"column-4\">Hocine Fellag<\/td><td class=\"column-5\">PS<\/td>\n<\/tr>\n<tr class=\"row-40\">\n\t<td class=\"column-1\">Les m\u00e9thodes asymptotiques en Electromagn\u00e9tisme\u00a0<\/td><td class=\"column-2\">Akeb Tassadit<\/td><td class=\"column-3\">2016<\/td><td class=\"column-4\">RAHMANI Leila<\/td><td class=\"column-5\">Analyse<\/td>\n<\/tr>\n<tr class=\"row-41\">\n\t<td class=\"column-1\">Les fonctions Stepanov-pseudo presque p\u00c8riodique \u00e0\u00a0 poids et applications.<\/td><td class=\"column-2\">Ibaghouchene Aldjia<\/td><td class=\"column-3\">2016<\/td><td class=\"column-4\">Fazia Bedouhene<\/td><td class=\"column-5\">Analyse<\/td>\n<\/tr>\n<tr class=\"row-42\">\n\t<td class=\"column-1\">Le  th\u00e9or\u00e8me ergodique et les cha\u00eenes de Markov it\u00e9ratives<\/td><td class=\"column-2\">Hamroun, Kahina<\/td><td class=\"column-3\">2013<\/td><td class=\"column-4\">Ladjimi Fetima &amp; Zidi Yamina<\/td><td class=\"column-5\">PS<\/td>\n<\/tr>\n<tr class=\"row-43\">\n\t<td class=\"column-1\">L'\u00e9qui-asymptotique presque p\u00e9riodicit\u00e9. Application aux\u00e9quations int\u00e9grales<\/td><td class=\"column-2\">Siham MOHAND SAIDI<\/td><td class=\"column-3\">2017<\/td><td class=\"column-4\">Mannal SMAALI<\/td><td class=\"column-5\">Analyse<\/td>\n<\/tr>\n<tr class=\"row-44\">\n\t<td class=\"column-1\">Inf\u00e9rences des mod\u00e8les GARCH : Consistence et normalit\u00e9 asymptotique<\/td><td class=\"column-2\">Seddiki Keltoum<\/td><td class=\"column-3\">2019<\/td><td class=\"column-4\">Abdelghani Hamaz<\/td><td class=\"column-5\">PS<\/td>\n<\/tr>\n<tr class=\"row-45\">\n\t<td class=\"column-1\">Inf\u00e9rence des mod\u00e8les autor\u00e9gressifs doubles<\/td><td class=\"column-2\">Amari Kahina<\/td><td class=\"column-3\">2017<\/td><td class=\"column-4\">Abdelghani Hamaz<\/td><td class=\"column-5\">PS<\/td>\n<\/tr>\n<tr class=\"row-46\">\n\t<td class=\"column-1\">\u00a0Inf\u00e9rence dans les mod\u00e8les Autor\u00e9gressifs Conditionnellement h\u00e9t\u00e9rosc\u00e9dastique<\/td><td class=\"column-2\">Abdelli Lynda<\/td><td class=\"column-3\">2019<\/td><td class=\"column-4\">Atil Lynda<\/td><td class=\"column-5\">PS<\/td>\n<\/tr>\n<tr class=\"row-47\">\n\t<td class=\"column-1\">Fractions continues, cha\u00eenes de Markov et processus de naissance et de mort<\/td><td class=\"column-2\">KHELLOUI Mokrane<\/td><td class=\"column-3\">2014<\/td><td class=\"column-4\">Harmime Dahbia<\/td><td class=\"column-5\">PS<\/td>\n<\/tr>\n<tr class=\"row-48\">\n\t<td class=\"column-1\">Fractions continues et syst\u00e8mes dynamiques<\/td><td class=\"column-2\">Hadjem, Akila<\/td><td class=\"column-3\">2012<\/td><td class=\"column-4\">Boudiba Mohand Arezki<\/td><td class=\"column-5\">PS<\/td>\n<\/tr>\n<tr class=\"row-49\">\n\t<td class=\"column-1\">Formule\u00a0de\u00a0plancherel\u00a0et\u00a0les\u00a0chaines\u00a0de\u00a0markov\u00a0<\/td><td class=\"column-2\">Boughrara, Sabrina<\/td><td class=\"column-3\">2012<\/td><td class=\"column-4\">Boudiba Mohand Arezki<\/td><td class=\"column-5\">PS<\/td>\n<\/tr>\n<tr class=\"row-50\">\n\t<td class=\"column-1\">Fonctions presque automorphes. Application aux EDOs.<\/td><td class=\"column-2\">Slimane HASSAINE<\/td><td class=\"column-3\">2015<\/td><td class=\"column-4\">Mannal SMAALI<\/td><td class=\"column-5\">Analyse<\/td>\n<\/tr>\n<tr class=\"row-51\">\n\t<td class=\"column-1\">Etude d\u00e9terministe et stochastique du mod\u00e8le de Black-Scholes. Application \u00e0 l'\u00e9tude d'une option europ\u00e9enne.<\/td><td class=\"column-2\">Kheloufi Houria<\/td><td class=\"column-3\">2011<\/td><td class=\"column-4\">Fazia Bedouhene<\/td><td class=\"column-5\">RO<\/td>\n<\/tr>\n<tr class=\"row-52\">\n\t<td class=\"column-1\">Etude des mod\u00e8les\u00a0 Garch et application<\/td><td class=\"column-2\">Tahenni Mona<\/td><td class=\"column-3\">2013<\/td><td class=\"column-4\">Berkoun Youcef<\/td><td class=\"column-5\">PS<\/td>\n<\/tr>\n<tr class=\"row-53\">\n\t<td class=\"column-1\">Etude des indicateurs du d\u00e9veloppement et classification des pays africains : Approche statistique<\/td><td class=\"column-2\">Tibbani Sabrina &amp;\u00a0Bounsiar Rachid<\/td><td class=\"column-3\">2019<\/td><td class=\"column-4\">Abdelghani Hamaz<\/td><td class=\"column-5\">RO<\/td>\n<\/tr>\n<tr class=\"row-54\">\n\t<td class=\"column-1\">\u00a0Etude au sujet de l'\u00e9quation de helmholtz et introduction au probl\u00e8me inverse<\/td><td class=\"column-2\">\u00a0Bouzekri Ali<\/td><td class=\"column-3\">2014<\/td><td class=\"column-4\">MELLAH Omar<\/td><td class=\"column-5\">Analyse<\/td>\n<\/tr>\n<tr class=\"row-55\">\n\t<td class=\"column-1\">Etude asymptotique d'un probl\u00e8me de transmission d\u00e9pendant d'un petit param\u00e8tre<\/td><td class=\"column-2\">Nabila Belkadi<\/td><td class=\"column-3\">2020<\/td><td class=\"column-4\">RAHMANI Leila<\/td><td class=\"column-5\">Analyse<\/td>\n<\/tr>\n<tr class=\"row-56\">\n\t<td class=\"column-1\">Estimation en ligne des mod\u00e8les GARCH<\/td><td class=\"column-2\">Benboubdella Lydia<\/td><td class=\"column-3\">2015<\/td><td class=\"column-4\">Abdelghani Hamaz<\/td><td class=\"column-5\">Analyse<\/td>\n<\/tr>\n<tr class=\"row-57\">\n\t<td class=\"column-1\">Estimation des param\u00e8tres de la\u00a0 GPD<\/td><td class=\"column-2\">Cherif Lina<\/td><td class=\"column-3\">2019<\/td><td class=\"column-4\">Berkoun Youcef<\/td><td class=\"column-5\">PS<\/td>\n<\/tr>\n<tr class=\"row-58\">\n\t<td class=\"column-1\">Estimation des mod\u00e8les GARCH: Cas non stationnaire<\/td><td class=\"column-2\">Lanabi Rachida<\/td><td class=\"column-3\">2015<\/td><td class=\"column-4\">Abdelghani Hamaz<\/td><td class=\"column-5\">Analyse<\/td>\n<\/tr>\n<tr class=\"row-59\">\n\t<td class=\"column-1\">Estimation de l'Expected\u00a0 shortfall,<\/td><td class=\"column-2\">Aidene Zahia<\/td><td class=\"column-3\">2018<\/td><td class=\"column-4\">Berkoun Youcef<\/td><td class=\"column-5\">PS<\/td>\n<\/tr>\n<tr class=\"row-60\">\n\t<td class=\"column-1\">Estimation d'une fonction de densit\u00e9 par\u00a0 la m\u00e9thode des noyaux et application \u00e0 la\u00a0 VAR<\/td><td class=\"column-2\">FERHAT Lamia<\/td><td class=\"column-3\">2012<\/td><td class=\"column-4\">Berkoun Youcef<\/td><td class=\"column-5\">PS<\/td>\n<\/tr>\n<tr class=\"row-61\">\n\t<td class=\"column-1\">Estimateur g\u00e9om\u00e9trique de l'indice des valeurs\u00a0 extr\u00eames<\/td><td class=\"column-2\">Batatache Baya<\/td><td class=\"column-3\">2019<\/td><td class=\"column-4\">Boualam Karima<\/td><td class=\"column-5\">PS<\/td>\n<\/tr>\n<tr class=\"row-62\">\n\t<td class=\"column-1\">Equation de Langevin et Processus d\u0092Ornstein  Uhlenbeck<\/td><td class=\"column-2\">Azouz Mohamed<\/td><td class=\"column-3\">2016<\/td><td class=\"column-4\">Boudiba Mohand Arezki<\/td><td class=\"column-5\">PS<\/td>\n<\/tr>\n<tr class=\"row-63\">\n\t<td class=\"column-1\">El\u00e9ments de la robustesse Bayesienne.<\/td><td class=\"column-2\">Hamroun, Kamilia<\/td><td class=\"column-3\">2017<\/td><td class=\"column-4\">Hocine Fellag<\/td><td class=\"column-5\">PS<\/td>\n<\/tr>\n<tr class=\"row-64\">\n\t<td class=\"column-1\">D\u00e9tection de convergences globales dans l'image g\u00e9om\u00e9trique et applications en imagerie m\u00e9dicale<\/td><td class=\"column-2\">LASLOUDJI Anis<\/td><td class=\"column-3\">2019<\/td><td class=\"column-4\">\u00a0MELLAH Omar<\/td><td class=\"column-5\">Analyse<\/td>\n<\/tr>\n<tr class=\"row-65\">\n\t<td class=\"column-1\">Contribution aux tests d'hypoth\u00e8ses pour la d\u00e9tection de rupture \u00e9pid\u00e9mique<\/td><td class=\"column-2\">Ime\u00e7aoud\u00e8ne Kahina<\/td><td class=\"column-3\">2012<\/td><td class=\"column-4\">Djamel Hamadouche<\/td><td class=\"column-5\">PS<\/td>\n<\/tr>\n<tr class=\"row-66\">\n\t<td class=\"column-1\">Contribution \u00e0 la planification des puits de p\u00e9trole bas\u00e9e sur la m\u00e9thode de Monte Carlo.  (En collaboration avec Sonatrach).<\/td><td class=\"column-2\">Tchatchi, Fatima &amp; Nait Djoudi, Mohamed Lamine<\/td><td class=\"column-3\">2015<\/td><td class=\"column-4\">Hocine Fellag<\/td><td class=\"column-5\">PS<\/td>\n<\/tr>\n<tr class=\"row-67\">\n\t<td class=\"column-1\">Conditions aux limites approch\u00e9es pour un probl\u00e8me de couche mince<\/td><td class=\"column-2\">Mokhtari Hanifa<\/td><td class=\"column-3\">2014<\/td><td class=\"column-4\">RAHMANI Leila<\/td><td class=\"column-5\">Analyse<\/td>\n<\/tr>\n<tr class=\"row-68\">\n\t<td class=\"column-1\">Commande H1 bas\u00e9e-observateur pour une classe de syst\u00e8me non lin\u00e9aire \u00e0 param\u00e8tres incertains.<\/td><td class=\"column-2\">Saidj Lynda<\/td><td class=\"column-3\">2014<\/td><td class=\"column-4\">Fazia Bedouhene<\/td><td class=\"column-5\">Analyse<\/td>\n<\/tr>\n<tr class=\"row-69\">\n\t<td class=\"column-1\">Coint\u00e9gration dans les s\u00e9ries chronologiques<\/td><td class=\"column-2\">\u00a0Refsi malika &amp; Touati Sonia<\/td><td class=\"column-3\">2014<\/td><td class=\"column-4\">Atil Lynda<\/td><td class=\"column-5\">PS<\/td>\n<\/tr>\n<tr class=\"row-70\">\n\t<td class=\"column-1\">Cha\u00eenes de Markov et It\u00e9ration de fonctions al\u00e9atoires\u00a0<\/td><td class=\"column-2\">Arezki Ouerdia<\/td><td class=\"column-3\">2013<\/td><td class=\"column-4\">Boudiba Mohand Arezki<\/td><td class=\"column-5\">PS<\/td>\n<\/tr>\n<tr class=\"row-71\">\n\t<td class=\"column-1\">Caract\u00e9risation des C_0-semi-groupes (groupes) presque p\u00e9riodiques<\/td><td class=\"column-2\">GHANDRICHE Ahcene<\/td><td class=\"column-3\">2017<\/td><td class=\"column-4\">MELLAH Omar<\/td><td class=\"column-5\">Analyse<\/td>\n<\/tr>\n<tr class=\"row-72\">\n\t<td class=\"column-1\">Approximation variationnelle et formulations mixtes\u00a0: Application \u00e0 l'\u00e9quation de Poisson et aux probl\u00e8mes de plaques<\/td><td class=\"column-2\">Gouadfel Karim<\/td><td class=\"column-3\">2014<\/td><td class=\"column-4\">RAHMANI Leila<\/td><td class=\"column-5\">Analyse<\/td>\n<\/tr>\n<tr class=\"row-73\">\n\t<td class=\"column-1\">Approximation des estimateurs du mod\u00e8le GARCH par\u00a0 la m\u00e9thode\u00a0 Bootstrap<\/td><td class=\"column-2\">Fadli Ouerdia<\/td><td class=\"column-3\">2019<\/td><td class=\"column-4\">Abdelghani Hamaz<\/td><td class=\"column-5\">PS<\/td>\n<\/tr>\n<tr class=\"row-74\">\n\t<td class=\"column-1\">Approche Bay\u00e9sienne des tests sur les mod\u00e8les autor\u00e8gressifs vectoriels.<\/td><td class=\"column-2\">Illa Amadou, Oumoul-Hair\u00a0<\/td><td class=\"column-3\">2013<\/td><td class=\"column-4\">Hocine Fellag<\/td><td class=\"column-5\">PS<\/td>\n<\/tr>\n<tr class=\"row-75\">\n\t<td class=\"column-1\">Approche Bay\u00e9sienne dans les mod\u00e8les de r\u00e9gression<\/td><td class=\"column-2\">Bekda Lilia<\/td><td class=\"column-3\">2017<\/td><td class=\"column-4\">Atil Lynda<\/td><td class=\"column-5\">PS<\/td>\n<\/tr>\n<tr class=\"row-76\">\n\t<td class=\"column-1\">Analyse discriminante<\/td><td class=\"column-2\">Touat\u00a0 Dyhia<\/td><td class=\"column-3\">2019<\/td><td class=\"column-4\">Mohamed Mamou<\/td><td class=\"column-5\">PS<\/td>\n<\/tr>\n<tr class=\"row-77\">\n\t<td class=\"column-1\">Analyse des s\u00e9ries chronologiques multivari\u00e9es et applications.\u00a0<\/td><td class=\"column-2\">Amadou Moussa, Mahaman Laouali\u00a0<\/td><td class=\"column-3\">2012<\/td><td class=\"column-4\">Hocine Fellag<\/td><td class=\"column-5\">PS<\/td>\n<\/tr>\n<tr class=\"row-78\">\n\t<td class=\"column-1\">Analyse asymptotique d'un probl\u00e8me de transmission d\u00e9pendant d'un petit param\u00e8tre<\/td><td class=\"column-2\">Metidji Abdelmalek<\/td><td class=\"column-3\">2019<\/td><td class=\"column-4\">RAHMANI Leila<\/td><td class=\"column-5\">Analyse<\/td>\n<\/tr>\n<tr class=\"row-79\">\n\t<td class=\"column-1\">Analyse asymptotique d'un probl\u00e8me de renforcement avec couche mince<\/td><td class=\"column-2\">Bedouhene Kahina<\/td><td class=\"column-3\">2014<\/td><td class=\"column-4\">RAHMANI Leila<\/td><td class=\"column-5\">Analyse<\/td>\n<\/tr>\n<tr class=\"row-80\">\n\t<td class=\"column-1\">Analyse asymptotique d'un probl\u00e8me aux limites pos\u00e9 sur un domaine avec  couche mince\u00a0<\/td><td class=\"column-2\">Saibi Amine<\/td><td class=\"column-3\">2017<\/td><td class=\"column-4\">RAHMANI Leila<\/td><td class=\"column-5\">Analyse<\/td>\n<\/tr>\n<tr class=\"row-81\">\n\t<td class=\"column-1\">Analyse asymptotique d'un probl\u00e8me aux limites\u00a0<\/td><td class=\"column-2\">Abboud Zakia<\/td><td class=\"column-3\">2018<\/td><td class=\"column-4\">RAHMANI Leila<\/td><td class=\"column-5\">Analyse<\/td>\n<\/tr>\n<\/tbody>\n<\/table>\n<!-- #tablepress-Master from cache -->\n<p><!--more--><\/p>\n<p><span style=\"color: #000000;\"><strong><span style=\"color: #000080;\">Ing\u00e9niorats soutenus (Equipe 03:<\/span> Statistique) <img loading=\"lazy\" class=\"wp-image-336 alignright\" src=\"http:\/\/labs.ummto.dz\/lmpa\/wp-content\/uploads\/2020\/02\/t\u00e9l\u00e9chargement.jpg\" alt=\"\" width=\"135\" height=\"124\" \/><\/strong><\/span><\/p>\n<ol>\n<li><span style=\"color: #000000;\">Pr\u00e9sentation de quelques proc\u00e9d\u00e9s d\u2019acc\u00e9l\u00e9ration des convergence. Applications.. Institut d\u2019informatique. Universit\u00e9 de Tizi Ouzou. 1991.<\/span><\/li>\n<li><span style=\"color: #000000;\">Contribution \u00e0 la r\u00e9alisation d\u2019un logiciel de traitements statistiques. Institut d\u2019informatique. Universit\u00e9 de Tizi Ouzou.1996.\u00a0<\/span><\/li>\n<li><span style=\"color: #000000;\">Equity of water distribution in Kabylia. Octobre, 2010. Tizi-Ouzou .\u00a0 Projet\u00a0 r\u00e9alis\u00e9 avec l\u2019Alg\u00e9rienne des eaux de Tizi-Ouzou.<\/span><\/li>\n<li><span style=\"color: #000000;\">S\u00e9ries chronologiques financi\u00e8res. Projet\u00a0 r\u00e9alis\u00e9 avec le minist\u00e8re des finances.<\/span><\/li>\n<li><span style=\"color: #000000;\">Analyse de d\u00e9cision dans un projet d\u2019investissement. Exploration et production. . Septembre 2012.\u00a0 Projet\u00a0 r\u00e9alis\u00e9 avec Sonatrach.<\/span><\/li>\n<\/ol>\n","protected":false},"excerpt":{"rendered":"","protected":false},"author":1,"featured_media":0,"parent":0,"menu_order":0,"comment_status":"closed","ping_status":"closed","template":"","meta":[],"_links":{"self":[{"href":"http:\/\/labs.ummto.dz\/lmpa\/index.php\/wp-json\/wp\/v2\/pages\/291"}],"collection":[{"href":"http:\/\/labs.ummto.dz\/lmpa\/index.php\/wp-json\/wp\/v2\/pages"}],"about":[{"href":"http:\/\/labs.ummto.dz\/lmpa\/index.php\/wp-json\/wp\/v2\/types\/page"}],"author":[{"embeddable":true,"href":"http:\/\/labs.ummto.dz\/lmpa\/index.php\/wp-json\/wp\/v2\/users\/1"}],"replies":[{"embeddable":true,"href":"http:\/\/labs.ummto.dz\/lmpa\/index.php\/wp-json\/wp\/v2\/comments?post=291"}],"version-history":[{"count":5,"href":"http:\/\/labs.ummto.dz\/lmpa\/index.php\/wp-json\/wp\/v2\/pages\/291\/revisions"}],"predecessor-version":[{"id":530,"href":"http:\/\/labs.ummto.dz\/lmpa\/index.php\/wp-json\/wp\/v2\/pages\/291\/revisions\/530"}],"wp:attachment":[{"href":"http:\/\/labs.ummto.dz\/lmpa\/index.php\/wp-json\/wp\/v2\/media?parent=291"}],"curies":[{"name":"wp","href":"https:\/\/api.w.org\/{rel}","templated":true}]}}