
{"id":356,"date":"2020-09-13T11:49:24","date_gmt":"2020-09-13T09:49:24","guid":{"rendered":"http:\/\/labs.ummto.dz\/lmpa\/?page_id=356"},"modified":"2021-08-02T00:43:50","modified_gmt":"2021-08-01T22:43:50","slug":"formation-doctorale","status":"publish","type":"page","link":"http:\/\/labs.ummto.dz\/lmpa\/index.php\/formation-doctorale\/","title":{"rendered":"Formations Doctorales"},"content":{"rendered":"<p><span style=\"color: #000000;\"><img loading=\"lazy\" class=\"wp-image-337 alignright\" src=\"http:\/\/labs.ummto.dz\/lmpa\/wp-content\/uploads\/2020\/02\/BN39704Doctorat-mythe-realite2-300x189.jpg\" alt=\"\" width=\"359\" height=\"226\" srcset=\"http:\/\/labs.ummto.dz\/lmpa\/wp-content\/uploads\/2020\/02\/BN39704Doctorat-mythe-realite2-300x189.jpg 300w, http:\/\/labs.ummto.dz\/lmpa\/wp-content\/uploads\/2020\/02\/BN39704Doctorat-mythe-realite2.jpg 675w\" sizes=\"(max-width: 359px) 100vw, 359px\" \/>Le Laboratoire de Math\u00e9matiques Pures et Appliqu\u00e9es de l\u2019UMMTO participe actuellement \u00e0 la formation d&rsquo;\u00e9tudiants \u00e0 travers <strong>trois masters<\/strong> :<\/span><\/p>\n<ul>\n<li><span style=\"color: #000000;\">Analyse Math\u00e9matique et Applications<\/span><\/li>\n<li><span style=\"color: #000000;\">Probabilit\u00e9s et statistique<\/span><\/li>\n<li><span style=\"color: #000000;\">Recherche op\u00e9rationnelle et optimisation<\/span><\/li>\n<\/ul>\n<p><span style=\"color: #000000;\">qui d\u00e9bouchent \u00e0 une <strong>formation doctorale<\/strong> en Math\u00e9matiques, avec <strong>les m\u00eames sp\u00e9cialit\u00e9s.<\/strong><\/span><!--more--><\/p>\n<p><span style=\"color: #0000ff;\"><strong><u>Liste\u00a0 des doctorants affili\u00e9s au laboratoire LMPA<\/u><\/strong><\/span><\/p>\n\n<table id=\"tablepress-Doctorants\" class=\"tablepress tablepress-id-Doctorants\">\n<thead>\n<tr class=\"row-1 odd\">\n\t<th class=\"column-1\">N\u00b0<\/th><th class=\"column-2\">Nom &amp; pr\u00e9nom du doctorant<\/th><th class=\"column-3\">Statut (salari\u00e9 ou boursier)<\/th><th class=\"column-4\">Intitul\u00e9 du sujet de th\u00e8se<\/th><th class=\"column-5\">Nom &amp; pr\u00e9nom du directeur de th\u00e8se et Co-directeur<\/th><th class=\"column-6\">Ann\u00e9e de premi\u00e8re inscription<\/th>\n<\/tr>\n<\/thead>\n<tbody class=\"row-hover\">\n<tr class=\"row-2 even\">\n\t<td class=\"column-1\">1<\/td><td class=\"column-2\">Azouz Mohamed<\/td><td class=\"column-3\">Boursier<\/td><td class=\"column-4\">Contribution \u00e0 l\u2019\u00e9tude de la stabilisation stochastique pour les syst\u00e8mes dynamiques non lin\u00e9aires<\/td><td class=\"column-5\">Fazia Bedouhene<\/td><td class=\"column-6\">2020<\/td>\n<\/tr>\n<tr class=\"row-3 odd\">\n\t<td class=\"column-1\">2<\/td><td class=\"column-2\">Moktefi Lynda<\/td><td class=\"column-3\">Salari\u00e9e (MAA)<\/td><td class=\"column-4\">Contribution \u00e0 l\u2019\u00e9tude de la stabilit\u00e9 des syst\u00e8mes dynamiques \u00e0 retard.<\/td><td class=\"column-5\">Fazia Bedouhene<\/td><td class=\"column-6\">2020<\/td>\n<\/tr>\n<tr class=\"row-4 even\">\n\t<td class=\"column-1\">3<\/td><td class=\"column-2\">Zine Hassane<\/td><td class=\"column-3\">Boursier<\/td><td class=\"column-4\">Etude qualitative d\u2019une classe d\u2019\u00e9quations diff\u00e9rentielles \u00e0 coefficients presque p\u00e9riodiques.<\/td><td class=\"column-5\">Fazia Bedouhene<\/td><td class=\"column-6\">2020<\/td>\n<\/tr>\n<tr class=\"row-5 odd\">\n\t<td class=\"column-1\">4<\/td><td class=\"column-2\">Arab Hakim<\/td><td class=\"column-3\">Boursier<\/td><td class=\"column-4\">Analyse asymptotique et mod\u00e8les approch\u00e9s pour quelques probl\u00e8mes de couches minces.<\/td><td class=\"column-5\">Rahmani Leila<\/td><td class=\"column-6\">2020<\/td>\n<\/tr>\n<tr class=\"row-6 even\">\n\t<td class=\"column-1\">5<\/td><td class=\"column-2\">Harrouche Lyasmine<\/td><td class=\"column-3\">Boursi\u00e8re<\/td><td class=\"column-4\">Probl\u00e8mes de robustesse en statistique inf\u00e9rentielle - application aux mod\u00e8les de survie.<\/td><td class=\"column-5\">Fellag Hocine (dir) &amp; Atil Lynda (codir)<\/td><td class=\"column-6\">2018<\/td>\n<\/tr>\n<tr class=\"row-7 odd\">\n\t<td class=\"column-1\">6<\/td><td class=\"column-2\">Adil Ania<\/td><td class=\"column-3\">Boursi\u00e8re<\/td><td class=\"column-4\">Observateurs d\u2019\u00e9tat pour les syst\u00e8mes non lin\u00e9aires \u00e0 retard. Th\u00e9orie et Application<\/td><td class=\"column-5\">Hamaz Abdelghani (dir) &amp; Ali Zemouche (Codir)<\/td><td class=\"column-6\">2018<\/td>\n<\/tr>\n<tr class=\"row-8 even\">\n\t<td class=\"column-1\">7<\/td><td class=\"column-2\">Haddadou Kamelia<\/td><td class=\"column-3\">Boursi\u00e8re<\/td><td class=\"column-4\">Robustesse et traitement des valeurs aberrantes en S\u00e9ries chronologiques<\/td><td class=\"column-5\">Atil Lynda (dir) &amp; Fellag Hocine (codir)<\/td><td class=\"column-6\">2018<\/td>\n<\/tr>\n<tr class=\"row-9 odd\">\n\t<td class=\"column-1\">8<\/td><td class=\"column-2\">Sara-Imane Zemoul<\/td><td class=\"column-3\">Boursi\u00e8re<\/td><td class=\"column-4\">Inf\u00e9rence dans les processus lin\u00e9aires avec des innovations associ\u00e9es<\/td><td class=\"column-5\">Berkoun Youcef<\/td><td class=\"column-6\">2018<\/td>\n<\/tr>\n<tr class=\"row-10 even\">\n\t<td class=\"column-1\">9<\/td><td class=\"column-2\">Saidi Amel<\/td><td class=\"column-3\">Boursi\u00e8re<\/td><td class=\"column-4\">Contribution \u00e0 l\u2019\u00e9tude des champs al\u00e9atoires<\/td><td class=\"column-5\">Hamaz Abdelghani (Dir) &amp; Fazia Bedouhene (codir)<\/td><td class=\"column-6\">2018<\/td>\n<\/tr>\n<tr class=\"row-11 odd\">\n\t<td class=\"column-1\">10<\/td><td class=\"column-2\">Gherdaoui Rabah<\/td><td class=\"column-3\">Boursier<\/td><td class=\"column-4\">Equation de transport diffusion et applications<\/td><td class=\"column-5\">Taleb Lynda &amp; Merakeb Abdelkader<\/td><td class=\"column-6\">2018<\/td>\n<\/tr>\n<tr class=\"row-12 even\">\n\t<td class=\"column-1\">11<\/td><td class=\"column-2\">Arezki Hasni<\/td><td class=\"column-3\">Boursi\u00e8re<\/td><td class=\"column-4\">Observateurs d\u2019\u00e9tat pour les syst\u00e8mes non lin\u00e9aires<\/td><td class=\"column-5\">Fazia Bedouhene (dir.) Ali Zemouche (Codir)<\/td><td class=\"column-6\">2016<\/td>\n<\/tr>\n<tr class=\"row-13 odd\">\n\t<td class=\"column-1\">12<\/td><td class=\"column-2\">Akeb Tassadit<\/td><td class=\"column-3\">Boursi\u00e8re<\/td><td class=\"column-4\">Contribution \u00e0 l\u2019\u00e9tude des EDS fractionnaires \u00e0 coefficients presque p\u00e9riodiques<\/td><td class=\"column-5\">Fazia Bedouhene (dir.) Omar Mellah (Codir)<\/td><td class=\"column-6\">2016<\/td>\n<\/tr>\n<tr class=\"row-14 even\">\n\t<td class=\"column-1\">13<\/td><td class=\"column-2\">Afroun Fairouz<\/td><td class=\"column-3\">Boursi\u00e8re<\/td><td class=\"column-4\">Estimation non param\u00e9trique dans les processus de syst\u00e8mes Markoviens<\/td><td class=\"column-5\">Hamadouche Djamel  (codir) &amp; Aissani Djamil (dir)<\/td><td class=\"column-6\">2016<\/td>\n<\/tr>\n<tr class=\"row-15 odd\">\n\t<td class=\"column-1\">14<\/td><td class=\"column-2\">Slimi Karima<\/td><td class=\"column-3\">Boursi\u00e8re<\/td><td class=\"column-4\">Processus de type presque p\u00e9riodique. \u00c9tude et application<\/td><td class=\"column-5\">Smaali Mannal (dir) &amp; Omar Mellah (codir)<\/td><td class=\"column-6\">2015<\/td>\n<\/tr>\n<tr class=\"row-16 even\">\n\t<td class=\"column-1\">15<\/td><td class=\"column-2\">Madjour Farida<\/td><td class=\"column-3\">Boursi\u00e8re<\/td><td class=\"column-4\">Analyse asymptotique d\u2019un probl\u00e8me de transition sur un domaine avec couche mince<\/td><td class=\"column-5\">Rahmani Leila<\/td><td class=\"column-6\">2015<\/td>\n<\/tr>\n<tr class=\"row-17 odd\">\n\t<td class=\"column-1\">16<\/td><td class=\"column-2\">Samir Belhadj<\/td><td class=\"column-3\">Boursier<\/td><td class=\"column-4\">Th\u00e9orie des nombres<\/td><td class=\"column-5\">Achemine Farida &amp; Goubi Mouloud<\/td><td class=\"column-6\">2016<\/td>\n<\/tr>\n<tr class=\"row-18 even\">\n\t<td class=\"column-1\">17<\/td><td class=\"column-2\">Mokhtari Hanifa<\/td><td class=\"column-3\">Boursi\u00e8re<\/td><td class=\"column-4\">\u00c9tude asymptotique et conditions aux limites approch\u00e9es pour un probl\u00e8me de renforcement par une couche mince<\/td><td class=\"column-5\">Rahmani Leila<\/td><td class=\"column-6\">2014<\/td>\n<\/tr>\n<tr class=\"row-19 odd\">\n\t<td class=\"column-1\">18<\/td><td class=\"column-2\">HEDJAM Akila<\/td><td class=\"column-3\">Boursier<\/td><td class=\"column-4\">Processus de Bellman-Harris, lois de Luria-Delbruck et applications<\/td><td class=\"column-5\">Hamadouche Djamel<\/td><td class=\"column-6\">2013<\/td>\n<\/tr>\n<tr class=\"row-20 even\">\n\t<td class=\"column-1\">19<\/td><td class=\"column-2\">Boughrara Sabrina<\/td><td class=\"column-3\">Boursier<\/td><td class=\"column-4\">Mod\u00e8le de division cellulaire avec mutation, processus de branchement et application<\/td><td class=\"column-5\">Fazia Bedouhene<\/td><td class=\"column-6\">2012<\/td>\n<\/tr>\n<tr class=\"row-21 odd\">\n\t<td class=\"column-1\">20<\/td><td class=\"column-2\">Bersi Hand<\/td><td class=\"column-3\">LMD<\/td><td class=\"column-4\">Stabilit\u00e9 des m\u00e9thodes de Monte-Carlo et applications<\/td><td class=\"column-5\">Hocine Fellag<\/td><td class=\"column-6\">2013<\/td>\n<\/tr>\n<tr class=\"row-22 even\">\n\t<td class=\"column-1\">21<\/td><td class=\"column-2\">Moussouni Samia<\/td><td class=\"column-3\">Salari\u00e9e<\/td><td class=\"column-4\">Estimation de la r\u00e9gularit\u00e9 h\u00f6lderienne des trajectoires de processus stochastiques<\/td><td class=\"column-5\">Hamadouche Djamel<\/td><td class=\"column-6\">2012<\/td>\n<\/tr>\n<tr class=\"row-23 odd\">\n\t<td class=\"column-1\">22<\/td><td class=\"column-2\">Bouziane Houria<\/td><td class=\"column-3\">Salari\u00e9e<\/td><td class=\"column-4\">Probabilit\u00e9 de ruine dans le cas multivari\u00e9<\/td><td class=\"column-5\">Berkoun Youcef <\/td><td class=\"column-6\">2012<\/td>\n<\/tr>\n<tr class=\"row-24 even\">\n\t<td class=\"column-1\">23<\/td><td class=\"column-2\">Benaoudia Djamila<\/td><td class=\"column-3\">Salari\u00e9e<\/td><td class=\"column-4\">On the asymptotic behaviour of some singular perturbations problems<\/td><td class=\"column-5\">Fazia Bedouhene &amp; Senoussi Guesmia<\/td><td class=\"column-6\">2011<\/td>\n<\/tr>\n<tr class=\"row-25 odd\">\n\t<td class=\"column-1\">24<\/td><td class=\"column-2\">Larbi Lydia<\/td><td class=\"column-3\">Boursier<\/td><td class=\"column-4\">Aspects de l'approche statistique de la d\u00e9cision et  de l'analyse du risque<\/td><td class=\"column-5\">Fellag Hocine<\/td><td class=\"column-6\">2011<\/td>\n<\/tr>\n<tr class=\"row-26 even\">\n\t<td class=\"column-1\">25<\/td><td class=\"column-2\">Menguelti Ali<\/td><td class=\"column-3\">Salari\u00e9e (MAA)<\/td><td class=\"column-4\">Mod\u00e9lisation asymptotique de quelques probl\u00e8mes de jonction et de couches minces.<\/td><td class=\"column-5\">Rahmani Leila<\/td><td class=\"column-6\">2011<\/td>\n<\/tr>\n<tr class=\"row-27 odd\">\n\t<td class=\"column-1\">26<\/td><td class=\"column-2\">Aumorassi Faroudja<\/td><td class=\"column-3\">Salari\u00e9e (MAA)<\/td><td class=\"column-4\">Etude des processus VAR p\u00e9riodiques<\/td><td class=\"column-5\">Youcef Berkoun<\/td><td class=\"column-6\">2011<\/td>\n<\/tr>\n<\/tbody>\n<\/table>\n<!-- #tablepress-Doctorants from cache -->\n<p>&nbsp;<\/p>\n","protected":false},"excerpt":{"rendered":"<p>Le Laboratoire de Math\u00e9matiques Pures et Appliqu\u00e9es de l\u2019UMMTO participe actuellement \u00e0 la formation d&rsquo;\u00e9tudiants \u00e0 travers trois masters : Analyse Math\u00e9matique et Applications Probabilit\u00e9s et statistique Recherche op\u00e9rationnelle et optimisation qui d\u00e9bouchent \u00e0&#46;&#46;&#46;<\/p>\n","protected":false},"author":1,"featured_media":0,"parent":0,"menu_order":0,"comment_status":"closed","ping_status":"closed","template":"","meta":[],"_links":{"self":[{"href":"http:\/\/labs.ummto.dz\/lmpa\/index.php\/wp-json\/wp\/v2\/pages\/356"}],"collection":[{"href":"http:\/\/labs.ummto.dz\/lmpa\/index.php\/wp-json\/wp\/v2\/pages"}],"about":[{"href":"http:\/\/labs.ummto.dz\/lmpa\/index.php\/wp-json\/wp\/v2\/types\/page"}],"author":[{"embeddable":true,"href":"http:\/\/labs.ummto.dz\/lmpa\/index.php\/wp-json\/wp\/v2\/users\/1"}],"replies":[{"embeddable":true,"href":"http:\/\/labs.ummto.dz\/lmpa\/index.php\/wp-json\/wp\/v2\/comments?post=356"}],"version-history":[{"count":24,"href":"http:\/\/labs.ummto.dz\/lmpa\/index.php\/wp-json\/wp\/v2\/pages\/356\/revisions"}],"predecessor-version":[{"id":385,"href":"http:\/\/labs.ummto.dz\/lmpa\/index.php\/wp-json\/wp\/v2\/pages\/356\/revisions\/385"}],"wp:attachment":[{"href":"http:\/\/labs.ummto.dz\/lmpa\/index.php\/wp-json\/wp\/v2\/media?parent=356"}],"curies":[{"name":"wp","href":"https:\/\/api.w.org\/{rel}","templated":true}]}}