
{"id":252,"date":"2021-02-01T09:48:22","date_gmt":"2021-02-01T08:48:22","guid":{"rendered":"http:\/\/labs.ummto.dz\/lmse\/?page_id=252"},"modified":"2021-02-01T14:14:40","modified_gmt":"2021-02-01T13:14:40","slug":"soutenance-de-these-de-doctorat-classique","status":"publish","type":"page","link":"http:\/\/labs.ummto.dz\/lmse\/index.php\/soutenance-de-these-de-doctorat-classique\/","title":{"rendered":"Soutenance de th\u00e8se de doctorat classique"},"content":{"rendered":"<p style=\"text-align: left;\"><strong><span style=\"color: #000080;\">\u00c9quipe 01: CARACT\u00c9RISATION STATIQUE ET DYNAMIQUE DES MAT\u00c9RIAUX (CSDM)<img loading=\"lazy\" class=\"size-full wp-image-306 alignright\" src=\"http:\/\/labs.ummto.dz\/lmse\/wp-content\/uploads\/2021\/02\/images-2-300x143-1.jpg\" alt=\"\" width=\"300\" height=\"143\" \/><\/span><\/strong><\/p>\n<p><span style=\"color: #000000;\"><span style=\"color: #000080;\">L\u2019imp\u00e9trant\u00a0:<\/span> <strong>MENOUER Ahcene<\/strong><\/span><\/p>\n<p><span style=\"color: #000000;\"><span style=\"color: #000080;\">Intitul\u00e9\u00a0:<\/span> <strong>Effet de tri axialit\u00e9 de la sollicitation sur le comportement des structures tubulaires.<\/strong><\/span><\/p>\n<p><span style=\"color: #000000;\"><span style=\"color: #000080;\">Directeur de th\u00e8se\u00a0:<\/span> DJEBAR Arezki<\/span><\/p>\n<p><span style=\"color: #000080;\"><strong>soutenue le 28\/04 \/2018<\/strong><\/span><\/p>\n<hr \/>\n<p><strong><span style=\"color: #000080;\">\u00c9quipe 02: Valorisation Des Ressources\u00a0<\/span><\/strong><span style=\"color: #000080;\"><b>\u00c9nerg\u00e9tiques<\/b><\/span><\/p>\n<p><span style=\"color: #000000;\">1- Intitul\u00e9 de th\u00e8se de doctorat : Conception et r\u00e9alisation d\u2019un bio capteur d\u2019humidit\u00e9.<\/span><\/p>\n<p><span style=\"color: #000000;\">Nom et pr\u00e9nom de la doctorante\u00a0: Hammouche Hayat<\/span><\/p>\n<p><span style=\"color: #000000;\">Nom et pr\u00e9nom du directeur de th\u00e8se\u00a0: Pr Laghrouche Mourad\u00a0\u00a0\u00a0\u00a0 co-directeur\u00a0: <strong>Pr Makhlouf Said<\/strong>\u00a0<\/span><\/p>\n<p><span style=\"color: #000000;\">Date de soutenance\u00a0: Septembre 2019.<\/span><\/p>\n<p><span style=\"color: #000000;\">2- Intitul\u00e9 de th\u00e8se de doctorat: simulation num\u00e9rique de la convection non boussinesq dans une cavit\u00e9 ferm\u00e9e ou ventil\u00e9e.<\/span><\/p>\n<p><span style=\"color: #000000;\">Nom et pr\u00e9nom du doctorant\u00a0: Chabani Oussama<\/span><\/p>\n<p><span style=\"color: #000000;\">Nom et pr\u00e9nom du directeur de th\u00e8se\u00a0: <strong>Lamrous Nacer<\/strong>\u00a0 Co-directeur\u00a0: Zeghmati Belkacem \u00a0(Univ de Perpignan).<\/span><\/p>\n<p><span style=\"color: #000000;\">Date de soutenance\u00a0: 14\/07\/2019<\/span><\/p>\n<p><span style=\"color: #000000;\">3- Intitul\u00e9 de th\u00e8se de doctorat: Mod\u00e9lisation des ph\u00e9nom\u00e8nes convectifs multi-\u00e9chelles dans une serre de culture. Caract\u00e9risation des \u00e9changes au niveau de la v\u00e9g\u00e9tation. Application au d\u00e9veloppement d\u2019\u00e9l\u00e9ments int\u00e9gr\u00e9s dans un syst\u00e8me expert d\u2019aide \u00e0 la d\u00e9cision.<\/span><\/p>\n<p><span style=\"color: #000000;\">Nom et pr\u00e9nom du doctorant\u00a0: Nebbali Rezki<\/span><\/p>\n<p><span style=\"color: #000000;\">Nom et pr\u00e9nom du directeur de th\u00e8se\u00a0: <strong>Said Makhlouf<\/strong>\u00a0 Co-directeur\u00a0:\u00a0 Pr J.C. Roy (Univ de Franche-Comt\u00e9).<\/span><\/p>\n<p><span style=\"color: #000000;\">Date de soutenance\u00a0: 12\/12\/2008<\/span><\/p>\n<p><span style=\"color: #000000;\">4- Intitul\u00e9 : Mod\u00e9lisation des transferts coupl\u00e9s de chaleur et d\u2019eau dans les sols avec prise en compte du gel.<\/span><\/p>\n<p><span style=\"color: #000000;\">Nom et pr\u00e9nom du doctorant\u00a0: Kaced Samir<\/span><\/p>\n<p><span style=\"color: #000000;\">Nom et pr\u00e9nom du directeur de th\u00e8se\u00a0: Pr Gilles Lefebvre\u00a0 co-directeur\u00a0: <strong>Makhlouf Said<\/strong><\/span><\/p>\n<p><span style=\"color: #000000;\">Date de soutenance\u00a0: 11\/12\/2008 \u00e0 l\u2019Universit\u00e9 Paris 12 du Val de Marne (France).<\/span><\/p>\n<p>&#8212;&#8212;&#8212;&#8212;&#8212;&#8212;&#8212;&#8212;&#8212;&#8212;&#8212;&#8212;&#8212;&#8212;&#8212;&#8212;&#8212;&#8212;&#8212;&#8212;&#8212;&#8212;&#8212;&#8212;&#8212;&#8212;&#8212;&#8212;&#8212;&#8212;&#8212;&#8212;&#8212;&#8212;&#8212;&#8212;&#8212;&#8212;&#8212;&#8212;&#8212;&#8212;&#8212;&#8212;&#8212;&#8212;&#8212;&#8212;&#8212;&#8212;&#8212;&#8212;&#8212;&#8212;&#8212;&#8212;&#8212;&#8212;&#8212;&#8212;&#8212;&#8212;&#8212;&#8212;&#8211;<\/p>\n<p><strong><span style=\"color: #000080;\">\u00c9quipe 03: Physique des mat\u00e9riaux\u00a0<\/span><\/strong><\/p>\n<p><span style=\"color: #000000;\"><strong>L\u2019imp\u00e9trante\u00a0:<\/strong> Imadouchene Noura<\/span><\/p>\n<p><span style=\"color: #000000;\"><strong>Intitul\u00e9\u00a0:<\/strong> Calculs des sections efficaces des collisions doublement ionisantes<\/span><\/p>\n<p><span style=\"color: #000000;\"><strong>Directeur de th\u00e8se\u00a0:<\/strong> Aouchiche Hocine<\/span><\/p>\n<p><span style=\"color: #000000;\"><strong>Date de soutenance\u00a0:<\/strong> 14\/12\/2017<\/span><\/p>\n<p>&#8212;&#8212;&#8212;&#8212;&#8212;&#8212;&#8212;&#8212;&#8212;&#8212;&#8212;&#8212;&#8212;&#8212;&#8212;&#8212;&#8212;&#8212;&#8212;&#8212;&#8212;&#8212;&#8212;&#8212;&#8212;&#8212;&#8212;&#8212;&#8212;&#8212;&#8212;&#8212;&#8212;&#8212;&#8212;&#8212;&#8212;&#8212;&#8212;&#8212;&#8212;&#8212;&#8212;&#8212;&#8212;&#8212;&#8212;&#8212;&#8212;&#8212;&#8212;&#8212;&#8212;&#8212;&#8212;&#8212;&#8212;&#8212;&#8212;&#8212;&#8212;&#8212;&#8212;&#8212;&#8212;<\/p>\n<p><span style=\"color: #000080;\"><strong>\u00c9quipe 04: Dynamique des Structures<\/strong><\/span><\/p>\n<p><strong><span style=\"color: #000080;\">1) L\u2019imp\u00e9trant\u00a0:<\/span><\/strong> TIACHACHT SAMIR<\/p>\n<p><strong><span style=\"color: #000080;\">Intitul\u00e9\u00a0:<\/span><\/strong><\/p>\n<p><strong><span style=\"color: #000080;\">Directeur de th\u00e8se\u00a0:<\/span><\/strong> BOUAZZOUNI AMAR<\/p>\n<p><strong><span style=\"color: #000080;\">Date de soutenance\u00a0:<\/span><\/strong> 2020<\/p>\n<p>2) L\u2019imp\u00e9trant\u00a0: BAHTANI AMAR<\/p>\n<p><strong><span style=\"color: #000080;\">Intitul\u00e9\u00a0:<\/span><\/strong><\/p>\n<p><strong><span style=\"color: #000080;\">Directeur de th\u00e8se\u00a0:<\/span><\/strong> BOUAZZOUNI AMAR<\/p>\n<p><strong><span style=\"color: #000080;\">Date de soutenance\u00a0:<\/span><\/strong> 2020<\/p>\n<p><strong><span style=\"color: #000080;\">3) L\u2019imp\u00e9trant\u00a0:<\/span><\/strong> SLIMANI MOHAMED<\/p>\n<p><strong><span style=\"color: #000080;\">Intitul\u00e9\u00a0:<\/span><\/strong><\/p>\n<p><strong><span style=\"color: #000080;\">Directeur de th\u00e8se\u00a0:<\/span><\/strong> BOUAZZOUNI AMAR<\/p>\n<p><strong><span style=\"color: #000080;\">Date de soutenance\u00a0:<\/span><\/strong><\/p>\n","protected":false},"excerpt":{"rendered":"<p>\u00c9quipe 01: CARACT\u00c9RISATION STATIQUE ET DYNAMIQUE DES MAT\u00c9RIAUX (CSDM) L\u2019imp\u00e9trant\u00a0: MENOUER Ahcene Intitul\u00e9\u00a0: Effet de tri axialit\u00e9 de la sollicitation sur le comportement des structures tubulaires. Directeur de th\u00e8se\u00a0: DJEBAR Arezki soutenue le 28\/04&#46;&#46;&#46;<\/p>\n","protected":false},"author":1,"featured_media":0,"parent":0,"menu_order":0,"comment_status":"closed","ping_status":"closed","template":"","meta":[],"_links":{"self":[{"href":"http:\/\/labs.ummto.dz\/lmse\/index.php\/wp-json\/wp\/v2\/pages\/252"}],"collection":[{"href":"http:\/\/labs.ummto.dz\/lmse\/index.php\/wp-json\/wp\/v2\/pages"}],"about":[{"href":"http:\/\/labs.ummto.dz\/lmse\/index.php\/wp-json\/wp\/v2\/types\/page"}],"author":[{"embeddable":true,"href":"http:\/\/labs.ummto.dz\/lmse\/index.php\/wp-json\/wp\/v2\/users\/1"}],"replies":[{"embeddable":true,"href":"http:\/\/labs.ummto.dz\/lmse\/index.php\/wp-json\/wp\/v2\/comments?post=252"}],"version-history":[{"count":8,"href":"http:\/\/labs.ummto.dz\/lmse\/index.php\/wp-json\/wp\/v2\/pages\/252\/revisions"}],"predecessor-version":[{"id":307,"href":"http:\/\/labs.ummto.dz\/lmse\/index.php\/wp-json\/wp\/v2\/pages\/252\/revisions\/307"}],"wp:attachment":[{"href":"http:\/\/labs.ummto.dz\/lmse\/index.php\/wp-json\/wp\/v2\/media?parent=252"}],"curies":[{"name":"wp","href":"https:\/\/api.w.org\/{rel}","templated":true}]}}