
{"id":257,"date":"2021-02-01T09:52:32","date_gmt":"2021-02-01T08:52:32","guid":{"rendered":"http:\/\/labs.ummto.dz\/lmse\/?page_id=257"},"modified":"2021-02-01T10:00:04","modified_gmt":"2021-02-01T09:00:04","slug":"projets-de-fin-detudes-de-master-soutenus","status":"publish","type":"page","link":"http:\/\/labs.ummto.dz\/lmse\/index.php\/projets-de-fin-detudes-de-master-soutenus\/","title":{"rendered":"Projets de fin d\u2019\u00e9tudes de master soutenus"},"content":{"rendered":"<p><strong><span style=\"color: #000080;\">\u00c9quipe 01: CARACT\u00c9RISATION STATIQUE ET DYNAMIQUE DES MAT\u00c9RIAUX (CSDM)<\/span><\/strong><\/p>\n<p><span style=\"color: #000000;\">1) Etude du comportement et calcul de structures stratifi\u00e9es sous diff\u00e9rentes sollicitations (2017) comportement aux chocs d\u2019un stratifi\u00e9 Hybride.<strong> (2017).<\/strong><\/span><\/p>\n<p><span style=\"color: #000000;\">2) Caract\u00e9risation du comportement m\u00e9canique d\u2019un renfort UD \u00e0 m\u00e8che de carbone. ISSAADI H.<\/span><\/p>\n<p><span style=\"color: #000000;\">3) Etude du comportement d\u2019un stratifi\u00e9 carbone\/ polyester. \u00a0(2017)<\/span><\/p>\n<p><span style=\"color: #000000;\">4) Effet du vieillissement sur le comportement m\u00e9canique des composites stratifi\u00e9s. <strong>(<\/strong>2017).<\/span><\/p>\n<p><span style=\"color: #000000;\">5) Etude Comparative du Comportement M\u00e9canique des Composites \u00e0 Matrice Thermodurcissable.\u00a0 (2017).<\/span><\/p>\n<p><span style=\"color: #000000;\">6) Etude de l&rsquo;effet de l\u2019empilement sur les propri\u00e9t\u00e9s m\u00e9caniques des composites stratifi\u00e9s. (2017)<\/span><\/p>\n<p>7) Etude comparative des m\u00e9thodes de calcul en plasticit\u00e9 appliqu\u00e9es \u00e0 la mise en forme (2016)<\/p>\n<p>8) Etude du comportement d\u2019un stratifi\u00e9 sous l&rsquo;effet du vieillissement. (2016)<\/p>\n<p>9) Etude th\u00e9orique des stratifi\u00e9s et prise en compte du cisaillement transverse (2016<\/p>\n","protected":false},"excerpt":{"rendered":"<p>\u00c9quipe 01: CARACT\u00c9RISATION STATIQUE ET DYNAMIQUE DES MAT\u00c9RIAUX (CSDM) 1) Etude du comportement et calcul de structures stratifi\u00e9es sous diff\u00e9rentes sollicitations (2017) comportement aux chocs d\u2019un stratifi\u00e9 Hybride. (2017). 2) Caract\u00e9risation du comportement m\u00e9canique&#46;&#46;&#46;<\/p>\n","protected":false},"author":1,"featured_media":0,"parent":0,"menu_order":0,"comment_status":"closed","ping_status":"closed","template":"","meta":[],"_links":{"self":[{"href":"http:\/\/labs.ummto.dz\/lmse\/index.php\/wp-json\/wp\/v2\/pages\/257"}],"collection":[{"href":"http:\/\/labs.ummto.dz\/lmse\/index.php\/wp-json\/wp\/v2\/pages"}],"about":[{"href":"http:\/\/labs.ummto.dz\/lmse\/index.php\/wp-json\/wp\/v2\/types\/page"}],"author":[{"embeddable":true,"href":"http:\/\/labs.ummto.dz\/lmse\/index.php\/wp-json\/wp\/v2\/users\/1"}],"replies":[{"embeddable":true,"href":"http:\/\/labs.ummto.dz\/lmse\/index.php\/wp-json\/wp\/v2\/comments?post=257"}],"version-history":[{"count":2,"href":"http:\/\/labs.ummto.dz\/lmse\/index.php\/wp-json\/wp\/v2\/pages\/257\/revisions"}],"predecessor-version":[{"id":265,"href":"http:\/\/labs.ummto.dz\/lmse\/index.php\/wp-json\/wp\/v2\/pages\/257\/revisions\/265"}],"wp:attachment":[{"href":"http:\/\/labs.ummto.dz\/lmse\/index.php\/wp-json\/wp\/v2\/media?parent=257"}],"curies":[{"name":"wp","href":"https:\/\/api.w.org\/{rel}","templated":true}]}}