
{"id":43,"date":"2017-07-04T11:11:25","date_gmt":"2017-07-04T09:11:25","guid":{"rendered":"http:\/\/labs.ummto.dz\/lmse\/?page_id=43"},"modified":"2017-07-04T12:50:20","modified_gmt":"2017-07-04T10:50:20","slug":"nos-objectifs","status":"publish","type":"page","link":"http:\/\/labs.ummto.dz\/lmse\/index.php\/nos-objectifs\/","title":{"rendered":"Nos Objectifs"},"content":{"rendered":"<p><span style=\"color: #000000;\">Cr\u00e9er et mettre en place les conditions permettant l\u2019\u00e9tablissement des passerelles entre l\u2019universit\u00e9 et les secteurs industriels d\u2019une part <img loading=\"lazy\" class=\"alignnone size-medium wp-image-117 alignright\" src=\"http:\/\/labs.ummto.dz\/lmse\/wp-content\/uploads\/2017\/07\/objectif-650x380-300x175-300x175-300x175.jpg\" alt=\"\" width=\"300\" height=\"175\" \/>et les secteurs socio-\u00e9conomiques d\u2019autre part.<\/span><br \/>\n<span style=\"color: #000000;\">Permettre la valorisation des mati\u00e8res premi\u00e8res et des ressources \u00e9nerg\u00e9tiques potentiellement disponibles en Alg\u00e9rie mais souvent non exploit\u00e9s.<\/span><br \/>\n<span style=\"color: #000000;\">Cr\u00e9er un environnement scientifique de haut niveau par la mobilisation des potentialit\u00e9s scientifiques existantes qui peuvent se constituer en \u00e9quipes pluridisciplinaires.<\/span><br \/>\n<span style=\"color: #000000;\">Ce laboratoire a pour missions d\u2019une part de contribuer \u00e0 une formation sp\u00e9cialis\u00e9e et de qualit\u00e9 et d\u2019autre part de participer \u00e0 l\u2019essor de l\u2019\u00e9conomie nationale.<\/span><br \/>\n<span style=\"color: #000000;\">D\u00e9velopper le savoir faire\u00a0n\u00e9cessaire \u00e0 la ma\u00eetrise technologique dans le domaine de la science des mat\u00e9riaux et \u00e9nerg\u00e9tique. <\/span><\/p>\n","protected":false},"excerpt":{"rendered":"<p>Cr\u00e9er et mettre en place les conditions permettant l\u2019\u00e9tablissement des passerelles entre l\u2019universit\u00e9 et les secteurs industriels d\u2019une part et les secteurs socio-\u00e9conomiques d\u2019autre part. Permettre la valorisation des mati\u00e8res premi\u00e8res et des ressources&#46;&#46;&#46;<\/p>\n","protected":false},"author":1,"featured_media":0,"parent":0,"menu_order":0,"comment_status":"closed","ping_status":"closed","template":"","meta":[],"_links":{"self":[{"href":"http:\/\/labs.ummto.dz\/lmse\/index.php\/wp-json\/wp\/v2\/pages\/43"}],"collection":[{"href":"http:\/\/labs.ummto.dz\/lmse\/index.php\/wp-json\/wp\/v2\/pages"}],"about":[{"href":"http:\/\/labs.ummto.dz\/lmse\/index.php\/wp-json\/wp\/v2\/types\/page"}],"author":[{"embeddable":true,"href":"http:\/\/labs.ummto.dz\/lmse\/index.php\/wp-json\/wp\/v2\/users\/1"}],"replies":[{"embeddable":true,"href":"http:\/\/labs.ummto.dz\/lmse\/index.php\/wp-json\/wp\/v2\/comments?post=43"}],"version-history":[{"count":2,"href":"http:\/\/labs.ummto.dz\/lmse\/index.php\/wp-json\/wp\/v2\/pages\/43\/revisions"}],"predecessor-version":[{"id":118,"href":"http:\/\/labs.ummto.dz\/lmse\/index.php\/wp-json\/wp\/v2\/pages\/43\/revisions\/118"}],"wp:attachment":[{"href":"http:\/\/labs.ummto.dz\/lmse\/index.php\/wp-json\/wp\/v2\/media?parent=43"}],"curies":[{"name":"wp","href":"https:\/\/api.w.org\/{rel}","templated":true}]}}