
{"id":17,"date":"2017-10-03T14:34:36","date_gmt":"2017-10-03T12:34:36","guid":{"rendered":"http:\/\/labs.ummto.dz\/lamod\/?page_id=17"},"modified":"2017-10-04T16:09:44","modified_gmt":"2017-10-04T14:09:44","slug":"communication-internationale","status":"publish","type":"page","link":"http:\/\/labs.ummto.dz\/lpla\/communication-internationale\/","title":{"rendered":"Communication Internationale"},"content":{"rendered":"<ol>\n<li><span style=\"color: #000000;\"><img loading=\"lazy\" decoding=\"async\" class=\"alignnone size-medium wp-image-108 alignright\" src=\"http:\/\/labs.ummto.dz\/lamod\/wp-content\/uploads\/2017\/10\/communication-300x169.png\" alt=\"\" width=\"300\" height=\"169\" srcset=\"http:\/\/labs.ummto.dz\/lpla\/wp-content\/uploads\/2017\/10\/communication-300x169.png 300w, http:\/\/labs.ummto.dz\/lpla\/wp-content\/uploads\/2017\/10\/communication-768x433.png 768w, http:\/\/labs.ummto.dz\/lpla\/wp-content\/uploads\/2017\/10\/communication-1024x577.png 1024w, http:\/\/labs.ummto.dz\/lpla\/wp-content\/uploads\/2017\/10\/communication.png 1917w\" sizes=\"(max-width: 300px) 100vw, 300px\" \/>\u00ab\u00a0A propos de la cessibilit\u00e9 du droit \u00e0 polluer \u00e0 la lumi\u00e8re du Protocole de Kyoto de 1997\u00a0: d\u00e9veloppement partag\u00e9 et durable ou \u00ab\u00a0pr\u00e9texte Ponce Pilate\u00a0\u00bb\u00a0? Article revu et mis \u00e0 jour sur la base d\u2019une communication pr\u00e9sent\u00e9e au colloque international sur \u00ab\u00a0la politique alg\u00e9rienne de protection de l\u2019environnement et du d\u00e9veloppement durable, organis\u00e9 par le Laboratoire de recherche sur le Maghreb et la M\u00e9diterran\u00e9e, Universit\u00e9 de Constantine, facult\u00e9 de Droit, 22 et 23 juin 2005, publi\u00e9 dans la Revue IDARA, Volume 16, n\u00b0\u00a01, N\u00b0\u00a016, pp. 139-165, CDRA, ENA, Alger, 2006.<\/span><\/li>\n<li><span style=\"color: #000000;\">\u00a0\u00ab\u00a0Les principes d\u2019intervention collective et de pr\u00e9caution pr\u00e9ventive dans la construction d\u2019une s\u00e9curit\u00e9 africaine partag\u00e9e\u00a0\u00bb\u00a0; article publi\u00e9 dans la Revue RASJEP, nouvelle s\u00e9rie, n\u00b0\u00a004\/2007, pp. 83-102\u00a0;<\/span><\/li>\n<li><span style=\"color: #000000;\">\u00a0\u00ab\u00a0Les principes d\u2019intervention collective et de pr\u00e9caution pr\u00e9ventive dans la construction d\u2019une s\u00e9curit\u00e9 africaine partag\u00e9e\u00a0\u00bb\u00a0; article publi\u00e9 dans la Revue RASJEP, nouvelle s\u00e9rie, n\u00b0\u00a004\/2007, pp. 83-102\u00a0;<\/span><\/li>\n<li><span style=\"color: #000000;\">\u00a0Le principe de pr\u00e9caution appliqu\u00e9 \u00e0 la m\u00e9decine\u00a0; Publi\u00e9 dans la revue p\u00e9riodique de la Facult\u00e9 de Droit, Universit\u00e9 Badji Mokhtar, Annaba, Janvier 2009\u00a0;<\/span><\/li>\n<\/ol>\n<ul class=\"spip\">\n<li><span style=\"color: #000000;\">Pr. Zouaimia Rachid\u00a0: voir annexe<\/span><\/li>\n<\/ul>\n<ul class=\"spip\">\n<li><span style=\"color: #000000;\">Pr. Machou Ammar\u00a0: voir annexe<\/span><\/li>\n<\/ul>\n<ul class=\"spip\">\n<li><span style=\"color: #000000;\">Pr. Taleb Tahar\u00a0: voir annexe<\/span><\/li>\n<\/ul>\n<ul class=\"spip\">\n<li><span style=\"color: #000000;\">Pr. Reddaf Ahmed\u00a0: voir annexe<\/span><\/li>\n<\/ul>\n<ul class=\"spip\">\n<li><span style=\"color: #000000;\">Pr. Sadouk Omar\u00a0: voir annexe<\/span><\/li>\n<\/ul>\n<ul class=\"spip\">\n<li><span style=\"color: #000000;\">Dr. Tadjer Mohamed\u00a0: voir annexe<\/span><\/li>\n<\/ul>\n<ul class=\"spip\">\n<li><span style=\"color: #000000;\">Dr. Kais Ch\u00e9rif\u00a0: voir annexe<\/span><\/li>\n<\/ul>\n<ul class=\"spip\">\n<li><span style=\"color: #000000;\">Dr . Iglouli Mohamed\u00a0: voir annexe<\/span><\/li>\n<\/ul>\n<ul class=\"spip\">\n<li><span style=\"color: #000000;\">Dr. Boubchir Md Amokrane\u00a0: voir annexe<\/span><\/li>\n<\/ul>\n<ul class=\"spip\">\n<li><span style=\"color: #000000;\">Dr. Si Youcef Zahia-Houria\u00a0: voir annexe<\/span><\/li>\n<\/ul>\n<ul class=\"spip\">\n<li><span style=\"color: #000000;\">Dr\u00a0; Irzil Elkahina\u00a0: voir annexe<\/span><\/li>\n<\/ul>\n<ul class=\"spip\">\n<li><span style=\"color: #000000;\">Dr. Ould Rabah Safia\u00a0: le r\u00f4le des PME dans le droit alg\u00e9rien, publi\u00e9 dans la Revue IDARA, Volume 10, n\u00b02, ENA, Alger, 2008. pp.7-31 La cons\u00e9cration du concept PME dans le droit alg\u00e9rien, article publi\u00e9 dans la Revue RASJEP, n\u00b0\u00a001\/2009, pp. 109-142\u00a0;<\/span><\/li>\n<\/ul>\n<p>&nbsp;<\/p>\n<div style=\"padding-bottom:20px; padding-top:10px;\" class=\"hupso-share-buttons\"><!-- Hupso Share Buttons - https:\/\/www.hupso.com\/share\/ --><a class=\"hupso_pop\" href=\"https:\/\/www.hupso.com\/share\/\"><img decoding=\"async\" src=\"http:\/\/static.hupso.com\/share\/buttons\/button100x23.png\" style=\"border:0px; width:100; height: 23; \" alt=\"Share Button\" \/><\/a><script type=\"text\/javascript\">var hupso_services=new Array(\"Twitter\",\"Facebook\",\"Linkedin\",\"StumbleUpon\",\"Reddit\",\"Print\");var hupso_icon_type = \"labels\";var hupso_background=\"#EAF4FF\";var hupso_border=\"#66CCFF\";var hupso_image_folder_url = \"\";var hupso_url=\"\";var hupso_title=\"Communication%20Internationale\";<\/script><script type=\"text\/javascript\" src=\"http:\/\/static.hupso.com\/share\/js\/share.js\"><\/script><!-- Hupso Share Buttons --><\/div>","protected":false},"excerpt":{"rendered":"<p>\u00ab\u00a0A propos de la cessibilit\u00e9 du droit \u00e0 polluer \u00e0 la lumi\u00e8re du Protocole de Kyoto de 1997\u00a0: d\u00e9veloppement partag\u00e9 et durable ou \u00ab\u00a0pr\u00e9texte Ponce Pilate\u00a0\u00bb\u00a0? Article revu et mis \u00e0 jour sur la&#46;&#46;&#46;<\/p>\n<div style=\"padding-bottom:20px; padding-top:10px;\" class=\"hupso-share-buttons\"><!-- Hupso Share Buttons - https:\/\/www.hupso.com\/share\/ --><a class=\"hupso_pop\" href=\"https:\/\/www.hupso.com\/share\/\"><img src=\"http:\/\/static.hupso.com\/share\/buttons\/button100x23.png\" style=\"border:0px; width:100; height: 23; \" alt=\"Share Button\" \/><\/a><script type=\"text\/javascript\">var hupso_services=new Array(\"Twitter\",\"Facebook\",\"Linkedin\",\"StumbleUpon\",\"Reddit\",\"Print\");var hupso_icon_type = \"labels\";var hupso_background=\"#EAF4FF\";var hupso_border=\"#66CCFF\";var hupso_image_folder_url = \"\";var hupso_url=\"\";var hupso_title=\"Communication%20Internationale\";<\/script><script type=\"text\/javascript\" src=\"http:\/\/static.hupso.com\/share\/js\/share.js\"><\/script><!-- Hupso Share Buttons --><\/div>","protected":false},"author":1,"featured_media":0,"parent":0,"menu_order":0,"comment_status":"closed","ping_status":"closed","template":"","meta":{"footnotes":""},"class_list":["post-17","page","type-page","status-publish","hentry"],"yoast_head":"<!-- This site is optimized with the Yoast SEO plugin v23.4 - https:\/\/yoast.com\/wordpress\/plugins\/seo\/ -->\n<title>Communication Internationale - Laboratoire des Pratiques Langagi\u00e8res en Alg\u00e9rie<\/title>\n<meta name=\"robots\" content=\"index, follow, max-snippet:-1, max-image-preview:large, max-video-preview:-1\" \/>\n<link rel=\"canonical\" href=\"http:\/\/labs.ummto.dz\/lpla\/communication-internationale\/\" \/>\n<meta property=\"og:locale\" content=\"ar_AR\" \/>\n<meta property=\"og:type\" content=\"article\" \/>\n<meta property=\"og:title\" content=\"Communication Internationale - Laboratoire des Pratiques Langagi\u00e8res en Alg\u00e9rie\" \/>\n<meta property=\"og:description\" content=\"\u00ab\u00a0A propos de la cessibilit\u00e9 du droit \u00e0 polluer \u00e0 la lumi\u00e8re du Protocole de Kyoto de 1997\u00a0: d\u00e9veloppement partag\u00e9 et durable ou \u00ab\u00a0pr\u00e9texte Ponce Pilate\u00a0\u00bb\u00a0? Article revu et mis \u00e0 jour sur la&#046;&#046;&#046;\" \/>\n<meta property=\"og:url\" content=\"http:\/\/labs.ummto.dz\/lpla\/communication-internationale\/\" \/>\n<meta property=\"og:site_name\" content=\"Laboratoire des Pratiques Langagi\u00e8res en Alg\u00e9rie\" \/>\n<meta property=\"article:modified_time\" content=\"2017-10-04T14:09:44+00:00\" \/>\n<meta property=\"og:image\" content=\"http:\/\/labs.ummto.dz\/lamod\/wp-content\/uploads\/2017\/10\/communication-300x169.png\" \/>\n<meta name=\"twitter:card\" content=\"summary_large_image\" \/>\n<meta name=\"twitter:label1\" content=\"\u0648\u0642\u062a \u0627\u0644\u0642\u0631\u0627\u0621\u0629 \u0627\u0644\u0645\u064f\u0642\u062f\u0651\u0631\" \/>\n\t<meta name=\"twitter:data1\" content=\"\u062f\u0642\u064a\u0642\u0629 \u0648\u0627\u062d\u062f\u0629\" \/>\n<script type=\"application\/ld+json\" class=\"yoast-schema-graph\">{\"@context\":\"https:\/\/schema.org\",\"@graph\":[{\"@type\":\"WebPage\",\"@id\":\"http:\/\/labs.ummto.dz\/lpla\/communication-internationale\/\",\"url\":\"http:\/\/labs.ummto.dz\/lpla\/communication-internationale\/\",\"name\":\"Communication Internationale - Laboratoire des Pratiques Langagi\u00e8res en Alg\u00e9rie\",\"isPartOf\":{\"@id\":\"http:\/\/labs.ummto.dz\/lpla\/#website\"},\"primaryImageOfPage\":{\"@id\":\"http:\/\/labs.ummto.dz\/lpla\/communication-internationale\/#primaryimage\"},\"image\":{\"@id\":\"http:\/\/labs.ummto.dz\/lpla\/communication-internationale\/#primaryimage\"},\"thumbnailUrl\":\"http:\/\/labs.ummto.dz\/lamod\/wp-content\/uploads\/2017\/10\/communication-300x169.png\",\"datePublished\":\"2017-10-03T12:34:36+00:00\",\"dateModified\":\"2017-10-04T14:09:44+00:00\",\"breadcrumb\":{\"@id\":\"http:\/\/labs.ummto.dz\/lpla\/communication-internationale\/#breadcrumb\"},\"inLanguage\":\"ar\",\"potentialAction\":[{\"@type\":\"ReadAction\",\"target\":[\"http:\/\/labs.ummto.dz\/lpla\/communication-internationale\/\"]}]},{\"@type\":\"ImageObject\",\"inLanguage\":\"ar\",\"@id\":\"http:\/\/labs.ummto.dz\/lpla\/communication-internationale\/#primaryimage\",\"url\":\"http:\/\/labs.ummto.dz\/lamod\/wp-content\/uploads\/2017\/10\/communication-300x169.png\",\"contentUrl\":\"http:\/\/labs.ummto.dz\/lamod\/wp-content\/uploads\/2017\/10\/communication-300x169.png\"},{\"@type\":\"BreadcrumbList\",\"@id\":\"http:\/\/labs.ummto.dz\/lpla\/communication-internationale\/#breadcrumb\",\"itemListElement\":[{\"@type\":\"ListItem\",\"position\":1,\"name\":\"Home\",\"item\":\"http:\/\/labs.ummto.dz\/lpla\/\"},{\"@type\":\"ListItem\",\"position\":2,\"name\":\"Communication Internationale\"}]},{\"@type\":\"WebSite\",\"@id\":\"http:\/\/labs.ummto.dz\/lpla\/#website\",\"url\":\"http:\/\/labs.ummto.dz\/lpla\/\",\"name\":\"Laboratoire des Pratiques Langagi\u00e8res en Alg\u00e9rie\",\"description\":\"\",\"potentialAction\":[{\"@type\":\"SearchAction\",\"target\":{\"@type\":\"EntryPoint\",\"urlTemplate\":\"http:\/\/labs.ummto.dz\/lpla\/?s={search_term_string}\"},\"query-input\":{\"@type\":\"PropertyValueSpecification\",\"valueRequired\":true,\"valueName\":\"search_term_string\"}}],\"inLanguage\":\"ar\"}]}<\/script>\n<!-- \/ Yoast SEO plugin. -->","yoast_head_json":{"title":"Communication Internationale - Laboratoire des Pratiques Langagi\u00e8res en Alg\u00e9rie","robots":{"index":"index","follow":"follow","max-snippet":"max-snippet:-1","max-image-preview":"max-image-preview:large","max-video-preview":"max-video-preview:-1"},"canonical":"http:\/\/labs.ummto.dz\/lpla\/communication-internationale\/","og_locale":"ar_AR","og_type":"article","og_title":"Communication Internationale - Laboratoire des Pratiques Langagi\u00e8res en Alg\u00e9rie","og_description":"\u00ab\u00a0A propos de la cessibilit\u00e9 du droit \u00e0 polluer \u00e0 la lumi\u00e8re du Protocole de Kyoto de 1997\u00a0: d\u00e9veloppement partag\u00e9 et durable ou \u00ab\u00a0pr\u00e9texte Ponce Pilate\u00a0\u00bb\u00a0? Article revu et mis \u00e0 jour sur la&#46;&#46;&#46;","og_url":"http:\/\/labs.ummto.dz\/lpla\/communication-internationale\/","og_site_name":"Laboratoire des Pratiques Langagi\u00e8res en Alg\u00e9rie","article_modified_time":"2017-10-04T14:09:44+00:00","og_image":[{"url":"http:\/\/labs.ummto.dz\/lamod\/wp-content\/uploads\/2017\/10\/communication-300x169.png"}],"twitter_card":"summary_large_image","twitter_misc":{"\u0648\u0642\u062a \u0627\u0644\u0642\u0631\u0627\u0621\u0629 \u0627\u0644\u0645\u064f\u0642\u062f\u0651\u0631":"\u062f\u0642\u064a\u0642\u0629 \u0648\u0627\u062d\u062f\u0629"},"schema":{"@context":"https:\/\/schema.org","@graph":[{"@type":"WebPage","@id":"http:\/\/labs.ummto.dz\/lpla\/communication-internationale\/","url":"http:\/\/labs.ummto.dz\/lpla\/communication-internationale\/","name":"Communication Internationale - Laboratoire des Pratiques Langagi\u00e8res en Alg\u00e9rie","isPartOf":{"@id":"http:\/\/labs.ummto.dz\/lpla\/#website"},"primaryImageOfPage":{"@id":"http:\/\/labs.ummto.dz\/lpla\/communication-internationale\/#primaryimage"},"image":{"@id":"http:\/\/labs.ummto.dz\/lpla\/communication-internationale\/#primaryimage"},"thumbnailUrl":"http:\/\/labs.ummto.dz\/lamod\/wp-content\/uploads\/2017\/10\/communication-300x169.png","datePublished":"2017-10-03T12:34:36+00:00","dateModified":"2017-10-04T14:09:44+00:00","breadcrumb":{"@id":"http:\/\/labs.ummto.dz\/lpla\/communication-internationale\/#breadcrumb"},"inLanguage":"ar","potentialAction":[{"@type":"ReadAction","target":["http:\/\/labs.ummto.dz\/lpla\/communication-internationale\/"]}]},{"@type":"ImageObject","inLanguage":"ar","@id":"http:\/\/labs.ummto.dz\/lpla\/communication-internationale\/#primaryimage","url":"http:\/\/labs.ummto.dz\/lamod\/wp-content\/uploads\/2017\/10\/communication-300x169.png","contentUrl":"http:\/\/labs.ummto.dz\/lamod\/wp-content\/uploads\/2017\/10\/communication-300x169.png"},{"@type":"BreadcrumbList","@id":"http:\/\/labs.ummto.dz\/lpla\/communication-internationale\/#breadcrumb","itemListElement":[{"@type":"ListItem","position":1,"name":"Home","item":"http:\/\/labs.ummto.dz\/lpla\/"},{"@type":"ListItem","position":2,"name":"Communication Internationale"}]},{"@type":"WebSite","@id":"http:\/\/labs.ummto.dz\/lpla\/#website","url":"http:\/\/labs.ummto.dz\/lpla\/","name":"Laboratoire des Pratiques Langagi\u00e8res en Alg\u00e9rie","description":"","potentialAction":[{"@type":"SearchAction","target":{"@type":"EntryPoint","urlTemplate":"http:\/\/labs.ummto.dz\/lpla\/?s={search_term_string}"},"query-input":{"@type":"PropertyValueSpecification","valueRequired":true,"valueName":"search_term_string"}}],"inLanguage":"ar"}]}},"_links":{"self":[{"href":"http:\/\/labs.ummto.dz\/lpla\/wp-json\/wp\/v2\/pages\/17"}],"collection":[{"href":"http:\/\/labs.ummto.dz\/lpla\/wp-json\/wp\/v2\/pages"}],"about":[{"href":"http:\/\/labs.ummto.dz\/lpla\/wp-json\/wp\/v2\/types\/page"}],"author":[{"embeddable":true,"href":"http:\/\/labs.ummto.dz\/lpla\/wp-json\/wp\/v2\/users\/1"}],"replies":[{"embeddable":true,"href":"http:\/\/labs.ummto.dz\/lpla\/wp-json\/wp\/v2\/comments?post=17"}],"version-history":[{"count":4,"href":"http:\/\/labs.ummto.dz\/lpla\/wp-json\/wp\/v2\/pages\/17\/revisions"}],"predecessor-version":[{"id":110,"href":"http:\/\/labs.ummto.dz\/lpla\/wp-json\/wp\/v2\/pages\/17\/revisions\/110"}],"wp:attachment":[{"href":"http:\/\/labs.ummto.dz\/lpla\/wp-json\/wp\/v2\/media?parent=17"}],"curies":[{"name":"wp","href":"https:\/\/api.w.org\/{rel}","templated":true}]}}