
{"id":50,"date":"2017-05-31T15:10:37","date_gmt":"2017-05-31T13:10:37","guid":{"rendered":"http:\/\/labs.ummto.dz\/labab\/?page_id=50"},"modified":"2021-11-25T13:51:47","modified_gmt":"2021-11-25T12:51:47","slug":"equipe-03","status":"publish","type":"page","link":"http:\/\/labs.ummto.dz\/lqsa\/index.php\/equipe-03\/","title":{"rendered":"\u00c9quipe 03: \u00c9levage et produits animaux en zone de montagne"},"content":{"rendered":"<p><span style=\"color: #000000;\"><span style=\"color: #003300;\"><strong>Chef d\u2019Equipe: <\/strong><\/span><strong>Dr. AMRANE Rachid<\/strong><\/span><\/p>\n<p><strong><span style=\"color: #000000;\">mail<\/span><\/strong>: <span style=\"color: #000000;\">r_amrane@yahoo.fr<\/span><\/p>\n<p><span style=\"color: #000000;\"><img loading=\"lazy\" class=\"alignnone size-full wp-image-294 alignright\" src=\"http:\/\/labs.ummto.dz\/lqsa\/wp-content\/uploads\/2018\/04\/1236.jpeg\" alt=\"\" width=\"275\" height=\"183\" \/><\/span><\/p>\n<p style=\"text-align: justify;\"><span style=\"color: #000000;\"><span style=\"color: #003300;\"><strong>Mots-cl\u00e9s :<em>\u00a0<\/em>Elevage, montagne, fourrages, apiculture, bovins, ovins, caprins, lait, viande<\/strong><\/span><\/span><\/p>\n<p style=\"text-align: justify;\"><span style=\"color: #003300;\"><strong><u>Description de la th\u00e9matique de recherche de l\u2019\u00e9quipe :<\/u><\/strong><\/span><\/p>\n<p style=\"text-align: justify;\"><span style=\"color: #000000;\">\u00a0<em>R<\/em>ecensement des ressources fourrag\u00e8res et p\u00e2turages en zones montagneuses de Kabylie.<\/span><\/p>\n<p style=\"text-align: justify;\"><span style=\"color: #000000;\">&#8211; Eude de la composition chimique et de la valeur nutritive des fourrages naturels et cultiv\u00e9s en Kabylie. Les travaux seront effectu\u00e9s sur la conduite d\u2019\u00e9levage au niveau de quelques fermes de Kabylie (alimentation, reproduction). <\/span><\/p>\n<p style=\"text-align: justify;\"><span style=\"color: #000000;\">&#8211; \u00c9tude des rations alimentaires distribu\u00e9es aux bovins (composition digestibilit\u00e9 et valeur nutritive). <\/span><\/p>\n<p style=\"text-align: justify;\"><span style=\"color: #000000;\">Des rations types \u00e9quilibr\u00e9es seront propos\u00e9es aux \u00e9leveurs pour l\u2019alimentation de diff\u00e9rentes cat\u00e9gories d\u2019animaux (vaches laiti\u00e8res, g\u00e9nisses, veaux, bovins \u00e0 l\u2019engraissement). <\/span><\/p>\n<p style=\"text-align: justify;\"><span style=\"color: #000000;\">&#8211; \u00c9tude de la production et des circuits de commercialisation du lait. Des travaux sur l\u2019engraissement des bovins en zones montagneuses seront effectu\u00e9s (gain de poids journalier, qualit\u00e9 des carcasses, rations alimentaire distribu\u00e9es aux animaux, prix de revient du kg de viande, commercialisation et recommandations).<\/span><\/p>\n<p style=\"text-align: justify;\"><span style=\"color: #000000;\">&#8211; Etude de la flore mellif\u00e8re au niveau de la wilaya de Tizi-Ouzou en collaboration avec la coop\u00e9rative apicole de la wilaya. Evaluation de la production et de la composition du miel, du pollen et de la gel\u00e9e royale, ainsi que l\u2019impact de certains pesticides utilis\u00e9s par les agriculteurs dans la lutte contres certaines maladies sur les abeilles.<\/span><\/p>\n<p style=\"text-align: justify;\"><span style=\"color: #003300;\"><strong><u>Liste exhaustive des membres permanents de l\u2019\u00e9quipe<\/u><\/strong><\/span><\/p>\n<p><strong>Chef d&rsquo;\u00e9quipe:<\/strong> Dr\u00a0 Amrane Rachid<\/p>\n<ol>\n<li style=\"list-style-type: none;\">\n<ol>\n<li>Dr BENATMANE\u00a0 Fatiha, membre enseignant<\/li>\n<li>Dr TOUDERT n\u00e9e Boudi Melkhir, membre enseignant<\/li>\n<li>Mme ABBAD n\u00e9e Bennour Malika, membre enseignant<\/li>\n<li>Mme DJOUBER n\u00e9e Toudert Fatima, membre enseignant<\/li>\n<\/ol>\n<\/li>\n<\/ol>\n","protected":false},"excerpt":{"rendered":"<p>Chef d\u2019Equipe: Dr. AMRANE Rachid mail: r_amrane@yahoo.fr Mots-cl\u00e9s :\u00a0Elevage, montagne, fourrages, apiculture, bovins, ovins, caprins, lait, viande Description de la th\u00e9matique de recherche de l\u2019\u00e9quipe : \u00a0Recensement des ressources fourrag\u00e8res et p\u00e2turages en zones&#46;&#46;&#46;<\/p>\n","protected":false},"author":1,"featured_media":0,"parent":0,"menu_order":0,"comment_status":"closed","ping_status":"closed","template":"","meta":[],"_links":{"self":[{"href":"http:\/\/labs.ummto.dz\/lqsa\/index.php\/wp-json\/wp\/v2\/pages\/50"}],"collection":[{"href":"http:\/\/labs.ummto.dz\/lqsa\/index.php\/wp-json\/wp\/v2\/pages"}],"about":[{"href":"http:\/\/labs.ummto.dz\/lqsa\/index.php\/wp-json\/wp\/v2\/types\/page"}],"author":[{"embeddable":true,"href":"http:\/\/labs.ummto.dz\/lqsa\/index.php\/wp-json\/wp\/v2\/users\/1"}],"replies":[{"embeddable":true,"href":"http:\/\/labs.ummto.dz\/lqsa\/index.php\/wp-json\/wp\/v2\/comments?post=50"}],"version-history":[{"count":22,"href":"http:\/\/labs.ummto.dz\/lqsa\/index.php\/wp-json\/wp\/v2\/pages\/50\/revisions"}],"predecessor-version":[{"id":459,"href":"http:\/\/labs.ummto.dz\/lqsa\/index.php\/wp-json\/wp\/v2\/pages\/50\/revisions\/459"}],"wp:attachment":[{"href":"http:\/\/labs.ummto.dz\/lqsa\/index.php\/wp-json\/wp\/v2\/media?parent=50"}],"curies":[{"name":"wp","href":"https:\/\/api.w.org\/{rel}","templated":true}]}}