
{"id":145,"date":"2017-03-22T11:00:35","date_gmt":"2017-03-22T10:00:35","guid":{"rendered":"http:\/\/localhost\/set\/?page_id=145"},"modified":"2017-05-31T16:02:57","modified_gmt":"2017-05-31T14:02:57","slug":"equipe-02-etude-des-conditions-de-travail-et-leurs-effets-sur-la-sante","status":"publish","type":"page","link":"http:\/\/labs.ummto.dz\/set\/equipe-02-etude-des-conditions-de-travail-et-leurs-effets-sur-la-sante\/","title":{"rendered":"\u00c9quipe 02: \u00c9tude des conditions de travail et leurs effets sur la sant\u00e9"},"content":{"rendered":"<p><span style=\"color: #000080;\"><strong>Chef d\u2019\u00e9quipe:<\/strong><\/span> <span style=\"color: #000000;\">Dr KHELFANE Rachid<img loading=\"lazy\" class=\"wp-image-547 size-medium alignright\" src=\"http:\/\/labs.ummto.dz\/set\/wp-content\/uploads\/2017\/03\/18009794_407553409601568_1464600204_n-3-300x190.png\" alt=\"\" width=\"300\" height=\"190\" \/><\/span><\/p>\n<div class=\"entry-content\">\n<p><span style=\"color: #000080;\"><strong>Domaine<\/strong><\/span>: <span style=\"color: #000000;\">Psychologies<\/span><\/p>\n<p><span style=\"color: #000080;\"><strong>Mot cl\u00e9<\/strong><\/span>: <span style=\"color: #000000;\">Psychologie du travail, La sant\u00e9 au travail, normes<\/span><\/p>\n<p><span style=\"text-decoration: underline;\"><span style=\"color: #000080; text-decoration: underline;\"><strong><span style=\"color: #000080; text-decoration: underline;\">Description de la th\u00e9matique de recherche de l\u2019\u00e9quipe:<\/span> <\/strong><\/span><\/span><span style=\"color: #000000;\">Cette recherche a pour objet de diagnostiquer l&rsquo;\u00e9tat des conditions de travail dans l&rsquo;entreprise alg\u00e9rienne et leurs effets sur la sant\u00e9 de l&rsquo;homme au travail en partant d&rsquo;un cadre r\u00e9f\u00e9rant qui est les normes de confort et de s\u00e9curit\u00e9 au travail d\u00e9termin\u00e9es par les \u00e9tudes scientifiques pluridisciplinaires. Les r\u00e9sultats obtenus nous indiquerons les d\u00e9viations enregistr\u00e9es par rapport \u00e0 ces normes et constitueront des sympt\u00f4mes sur les cotes d&rsquo;alerte et les dangers auxquelles sont expos\u00e9s les travailleurs<\/span><strong>.<\/strong><\/p>\n<p><strong><span style=\"text-decoration: underline; color: #000080;\">Liste exhaustive des membres permanents de l\u2019\u00e9quipe:<\/span><\/strong><\/p>\n<p><strong>\n<table id=\"tablepress-7\" class=\"tablepress tablepress-id-7\">\n<thead>\n<tr class=\"row-1 odd\">\n\t<th class=\"column-1\">M.\/<br \/>\nMme<\/th><th class=\"column-2\">Nom et Pr\u00e9nom<\/th><th class=\"column-3\">\u0627\u0644\u0644\u0642\u0628 \u0648\u0627\u0644\u0625\u0633\u0645<\/th><th class=\"column-4\">Date de Nais.\t<\/th><th class=\"column-5\">Dernier dipl\u00f4me\t<\/th><th class=\"column-6\">Grade\t<\/th><th class=\"column-7\">Domaine<\/th><th class=\"column-8\">Structure de rattachement<\/th><th class=\"column-9\">Email actif<\/th>\n<\/tr>\n<\/thead>\n<tbody class=\"row-hover\">\n<tr class=\"row-2 even\">\n\t<td class=\"column-1\">Mr <\/td><td class=\"column-2\">KHELFANE Rachid<\/td><td class=\"column-3\">\u0631\u0626\u064a\u0633 \u0641\u0631\u0642\u0629 \u0627\u0644\u0628\u062d\u062b<\/td><td class=\"column-4\">19\/01\/1967<\/td><td class=\"column-5\">Doctorat<\/td><td class=\"column-6\">MCA<\/td><td class=\"column-7\">Psychologies\t<\/td><td class=\"column-8\">U. Tizi Ouzou<\/td><td class=\"column-9\">rachidkh67@yahoo.fr<\/td>\n<\/tr>\n<tr class=\"row-3 odd\">\n\t<td class=\"column-1\">Mr<\/td><td class=\"column-2\"> ELAHCENE Hamza<\/td><td class=\"column-3\">\u0644\u062d\u0633\u0646 \u062d\u0645\u0632\u0629<\/td><td class=\"column-4\">28\/05\/1985\t<\/td><td class=\"column-5\">Magister<\/td><td class=\"column-6\">MAA<\/td><td class=\"column-7\">Psychologies\t<\/td><td class=\"column-8\">U. Tizi Ouzou<\/td><td class=\"column-9\">elahcene-hitman@hotmail.fr<\/td>\n<\/tr>\n<tr class=\"row-4 even\">\n\t<td class=\"column-1\">Mr <\/td><td class=\"column-2\">ATMANE Kadour<\/td><td class=\"column-3\">\u0639\u062b\u0645\u0627\u0646 \u0642\u062f\u0648\u0631<\/td><td class=\"column-4\">03\/09\/1981<\/td><td class=\"column-5\">Magister<\/td><td class=\"column-6\">MAA<\/td><td class=\"column-7\">Psychologies\t<\/td><td class=\"column-8\">U. Tizi Ouzou<\/td><td class=\"column-9\">atmane2015@yahoo.fr<\/td>\n<\/tr>\n<tr class=\"row-5 odd\">\n\t<td class=\"column-1\">Mr <\/td><td class=\"column-2\">BENABI Hacene<\/td><td class=\"column-3\">\u0628\u0646\u0627\u0628\u064a \u062d\u0633\u0627\u0646<\/td><td class=\"column-4\">30\/10\/1981<\/td><td class=\"column-5\">Magister<\/td><td class=\"column-6\">MAB<\/td><td class=\"column-7\">Psychologies\t<\/td><td class=\"column-8\">U. Tizi Ouzou<\/td><td class=\"column-9\">hacenebenabi15@hotmail.com<\/td>\n<\/tr>\n<tr class=\"row-6 even\">\n\t<td class=\"column-1\">Mr<\/td><td class=\"column-2\">\t TAMDJIAT Achour\t<\/td><td class=\"column-3\">\u062a\u0645\u062c\u064a\u0627\u062a \u0639\u0627\u0634\u0648\u0631<\/td><td class=\"column-4\">26\/05\/1966\t<\/td><td class=\"column-5\">Magister<\/td><td class=\"column-6\">MAA<\/td><td class=\"column-7\">Psychologies\t<\/td><td class=\"column-8\">U. Bouira<\/td><td class=\"column-9\">tamdjiatachour@yahoo.fr<\/td>\n<\/tr>\n<tr class=\"row-7 odd\">\n\t<td class=\"column-1\">Mr<\/td><td class=\"column-2\">\t MEBARKI Mohand Ourabah<\/td><td class=\"column-3\">\t\u0645\u0628\u0627\u0631\u0643\u064a \u0645\u062d\u0646\u062f \u0627\u0648\u0631\u0627\u0628\u062d\t<\/td><td class=\"column-4\">04\/11\/1988<\/td><td class=\"column-5\">Master<\/td><td class=\"column-6\">Doc<\/td><td class=\"column-7\">Psychologies\t<\/td><td class=\"column-8\">U. Tizi Ouzou<\/td><td class=\"column-9\">mebarkirabah88@gmail.com<\/td>\n<\/tr>\n<tr class=\"row-8 even\">\n\t<td class=\"column-1\">Mme\t<\/td><td class=\"column-2\">HAMEL Fariza<\/td><td class=\"column-3\">\u062d\u0627\u0645\u0644 \u0641\u0631\u064a\u0632\u0629<\/td><td class=\"column-4\">14\/01\/1985\t<\/td><td class=\"column-5\">Master<\/td><td class=\"column-6\">Doc<\/td><td class=\"column-7\">Psychologies\t<\/td><td class=\"column-8\">U. Alger-2-<\/td><td class=\"column-9\">filozehamel@yahoo.fr<\/td>\n<\/tr>\n<tr class=\"row-9 odd\">\n\t<td class=\"column-1\">Melle\t<\/td><td class=\"column-2\">BORDJI Malika<\/td><td class=\"column-3\">\u0628\u0631\u062c\u064a \u0645\u0644\u064a\u0643\u0629\t<\/td><td class=\"column-4\">12\/04\/1989<\/td><td class=\"column-5\">Master<\/td><td class=\"column-6\">Doc<\/td><td class=\"column-7\">Sciences Sociales<\/td><td class=\"column-8\">U. Alger-2-<\/td><td class=\"column-9\">bordjim@yahoo.fr<\/td>\n<\/tr>\n<tr class=\"row-10 even\">\n\t<td class=\"column-1\">Melle\t<\/td><td class=\"column-2\">KAHLOUCHE Kahina\t<\/td><td class=\"column-3\">\u0643\u062d\u0644\u0648\u0634 \u0643\u0647\u064a\u0646\u0629\t<\/td><td class=\"column-4\">31\/05\/1981<\/td><td class=\"column-5\">Master<\/td><td class=\"column-6\">Doc<\/td><td class=\"column-7\">Psychologies\t<\/td><td class=\"column-8\">U. Alger-2-<\/td><td class=\"column-9\">kahlouche.kahina@yahoo.fr<\/td>\n<\/tr>\n<tr class=\"row-11 odd\">\n\t<td class=\"column-1\">Mme<\/td><td class=\"column-2\">HADDAD Baya<\/td><td class=\"column-3\">\u062d\u062f\u0627\u062f \u0628\u0627\u064a\u0629\t<\/td><td class=\"column-4\">10\/10\/1978\t<\/td><td class=\"column-5\">Master<\/td><td class=\"column-6\">Doc<\/td><td class=\"column-7\">Psychologies\t<\/td><td class=\"column-8\">U. Alger-2-<\/td><td class=\"column-9\">tizi_fadila@yahoo.fr<\/td>\n<\/tr>\n<tr class=\"row-12 even\">\n\t<td class=\"column-1\">Mr<\/td><td class=\"column-2\">NACEREDDINE Mourad<\/td><td class=\"column-3\">\u0646\u0635\u0631 \u0627\u0644\u062f\u064a\u0646 \u0645\u0631\u0627\u062f<\/td><td class=\"column-4\">30\/11\/1981<\/td><td class=\"column-5\">Master<\/td><td class=\"column-6\">Doc<\/td><td class=\"column-7\">Psychologies\t<\/td><td class=\"column-8\">U. Alger-2-<\/td><td class=\"column-9\">mnacereddine@ymail.com<\/td>\n<\/tr>\n<tr class=\"row-13 odd\">\n\t<td class=\"column-1\">Melle\t<\/td><td class=\"column-2\">AIT OUARES Lila\t<\/td><td class=\"column-3\">\u0627\u064a\u062a \u0648\u0627\u0631\u0633 \u0644\u064a\u0644\u0649\t<\/td><td class=\"column-4\">15\/08\/1982\t<\/td><td class=\"column-5\">Master<\/td><td class=\"column-6\">Doc<\/td><td class=\"column-7\">Psychologies\t<\/td><td class=\"column-8\">U. Alger-2-<\/td><td class=\"column-9\">lila.aitouares@gmail.com<\/td>\n<\/tr>\n<tr class=\"row-14 even\">\n\t<td class=\"column-1\">Mr<\/td><td class=\"column-2\">SELLAM Younes\t<\/td><td class=\"column-3\">\u0633\u0644\u0627\u0645 \u064a\u0648\u0646\u0633<\/td><td class=\"column-4\">04\/07\/1990\t<\/td><td class=\"column-5\">Master<\/td><td class=\"column-6\">Doc<\/td><td class=\"column-7\">Psychologies\t<\/td><td class=\"column-8\">U. Alger-2-<\/td><td class=\"column-9\">sellamyounes.1@gmail.com<\/td>\n<\/tr>\n<tr class=\"row-15 odd\">\n\t<td class=\"column-1\">Melle\t<\/td><td class=\"column-2\">ASSEMI Nabila<\/td><td class=\"column-3\">\t<\/td><td class=\"column-4\">03\/10\/1986<\/td><td class=\"column-5\">Master<\/td><td class=\"column-6\">Doc<\/td><td class=\"column-7\">Psychologies\t<\/td><td class=\"column-8\">U. Alger-2-<\/td><td class=\"column-9\">assemi.nabila@gmail.com<\/td>\n<\/tr>\n<tr class=\"row-16 even\">\n\t<td class=\"column-1\">Melle\t<\/td><td class=\"column-2\">BOUTOUTA Lamia<\/td><td class=\"column-3\">\u0628\u0648\u062a\u0648\u062a\u0629 \u0644\u0627\u0645\u064a\u0629<\/td><td class=\"column-4\">08\/07\/1986\t<\/td><td class=\"column-5\">Master<\/td><td class=\"column-6\">Doc<\/td><td class=\"column-7\">Psychologies\t<\/td><td class=\"column-8\">U. Alger-2-<\/td><td class=\"column-9\">lamiboutouta@yahoo.fr<\/td>\n<\/tr>\n<tr class=\"row-17 odd\">\n\t<td class=\"column-1\">Melle\t<\/td><td class=\"column-2\">BOUDISSA Ouerdia<\/td><td class=\"column-3\">\u0628\u0648\u062f\u064a\u0633\u0629 \u0648\u0631\u062f\u064a\u0629<\/td><td class=\"column-4\">18\/11\/1987<\/td><td class=\"column-5\">Master<\/td><td class=\"column-6\">Doc<\/td><td class=\"column-7\">Psychologies\t<\/td><td class=\"column-8\">U. Alger-2-<\/td><td class=\"column-9\">wardaboudissa@yahoo.fr<\/td>\n<\/tr>\n<tr class=\"row-18 even\">\n\t<td class=\"column-1\">Melle\t<\/td><td class=\"column-2\">BOUZOURENE Farida<\/td><td class=\"column-3\">\u0628\u0648\u0632\u0648\u0631\u0627\u0646 \u0641\u0631\u064a\u062f\u0629<\/td><td class=\"column-4\">21\/10\/1986\t<\/td><td class=\"column-5\">Master<\/td><td class=\"column-6\">Doc<\/td><td class=\"column-7\">Psychologies\t<\/td><td class=\"column-8\">U. Alger-2-<\/td><td class=\"column-9\">bouzourene.farida@yahoo.fr<\/td>\n<\/tr>\n<\/tbody>\n<\/table>\n<!-- #tablepress-7 from cache --><\/strong><\/p>\n<p><strong><span style=\"text-decoration: underline; color: #000080;\">Liste exhaustive des doctorants membres de l\u2019\u00e9quipe:<\/span><\/strong><\/p>\n<p><span style=\"color: #003366;\"><strong>\n<table id=\"tablepress-8\" class=\"tablepress tablepress-id-8\">\n<thead>\n<tr class=\"row-1 odd\">\n\t<th class=\"column-1\"><br \/>\nNom et Pr\u00e9nom<\/th><th class=\"column-2\">\u0627\u0644\u0644\u0642\u0628 \u0648\u0627\u0644\u0625\u0633\u0645<\/th><th class=\"column-3\">Inscrit depuis (Mois\/Ann\u00e9e)<\/th><th class=\"column-4\">Nom et Pr\u00e9nom du ou des encadreurs<\/th>\n<\/tr>\n<\/thead>\n<tbody class=\"row-hover\">\n<tr class=\"row-2 even\">\n\t<td class=\"column-1\">MEBARKI Mohand Ourabah<\/td><td class=\"column-2\">\u0645\u0628\u0627\u0631\u0643\u064a \u0645\u062d\u0646\u062f \u0627\u0648\u0631\u0627\u0628\u062d<\/td><td class=\"column-3\">decembre 2013<\/td><td class=\"column-4\">KHELFANE Rachid<\/td>\n<\/tr>\n<tr class=\"row-3 odd\">\n\t<td class=\"column-1\">HAMEL Fariza<\/td><td class=\"column-2\">\u062d\u0627\u0645\u0644 \u0641\u0631\u064a\u0632\u0629<\/td><td class=\"column-3\">decembre 2014<\/td><td class=\"column-4\">KHELFANE Rachid<\/td>\n<\/tr>\n<tr class=\"row-4 even\">\n\t<td class=\"column-1\">BORDJI Malika<\/td><td class=\"column-2\">\u0628\u0631\u062c\u064a \u0645\u0644\u064a\u0643\u0629<\/td><td class=\"column-3\">decembre 2014<\/td><td class=\"column-4\">KHELFANE Rachid<\/td>\n<\/tr>\n<tr class=\"row-5 odd\">\n\t<td class=\"column-1\">BORDJI Malika<\/td><td class=\"column-2\">\u0643\u062d\u0644\u0648\u0634 \u0643\u0647\u064a\u0646\u0629<\/td><td class=\"column-3\">decembre 2015<\/td><td class=\"column-4\">KHELFANE Rachid<\/td>\n<\/tr>\n<tr class=\"row-6 even\">\n\t<td class=\"column-1\">HADDAD Baya<\/td><td class=\"column-2\">\u062d\u062f\u0627\u062f \u0628\u0627\u064a\u0629<\/td><td class=\"column-3\">decembre 2015<\/td><td class=\"column-4\">KHELFANE Rachid<\/td>\n<\/tr>\n<tr class=\"row-7 odd\">\n\t<td class=\"column-1\">NACEREDDINE Mourad<\/td><td class=\"column-2\">\u0646\u0635\u0631 \u0627\u0644\u062f\u064a\u0646 \u0645\u0631\u0627\u062f<\/td><td class=\"column-3\">decembre 2015<\/td><td class=\"column-4\">KHELFANE Rachid<\/td>\n<\/tr>\n<tr class=\"row-8 even\">\n\t<td class=\"column-1\">AIT OUARES Lila<\/td><td class=\"column-2\">\u0627\u064a\u062a \u0648\u0627\u0631\u0633 \u0644\u064a\u0644\u0649<\/td><td class=\"column-3\">decembre 2015<\/td><td class=\"column-4\">KHELFANE Rachid<\/td>\n<\/tr>\n<tr class=\"row-9 odd\">\n\t<td class=\"column-1\">SELLAM Younes<\/td><td class=\"column-2\">\u0633\u0644\u0627\u0645 \u064a\u0648\u0646\u0633<\/td><td class=\"column-3\">decembre 2015<\/td><td class=\"column-4\">KHELFANE Rachid<\/td>\n<\/tr>\n<tr class=\"row-10 even\">\n\t<td class=\"column-1\">ASSEMI Nabila<\/td><td class=\"column-2\">\u0639\u0627\u0635\u0645\u064a \u0646\u0628\u064a\u0644\u0629<\/td><td class=\"column-3\">decembre 2015<\/td><td class=\"column-4\">KHELFANE Rachid<\/td>\n<\/tr>\n<tr class=\"row-11 odd\">\n\t<td class=\"column-1\">BOUTOUTA Lamia<\/td><td class=\"column-2\">\u0628\u0648\u062a\u0648\u062a\u0629 \u0644\u0627\u0645\u064a\u0629<\/td><td class=\"column-3\">decembre 2015<\/td><td class=\"column-4\">KHELFANE Rachid<\/td>\n<\/tr>\n<tr class=\"row-12 even\">\n\t<td class=\"column-1\">BOUDISSA Ouerdia<\/td><td class=\"column-2\">\u0628\u0648\u062f\u064a\u0633\u0629 \u0648\u0631\u062f\u064a\u0629<\/td><td class=\"column-3\">decembre 2015<\/td><td class=\"column-4\">KHELFANE Rachid<\/td>\n<\/tr>\n<tr class=\"row-13 odd\">\n\t<td class=\"column-1\">BOUZOURENE Farida<\/td><td class=\"column-2\">\u0628\u0648\u0632\u0648\u0631\u0627\u0646 \u0641\u0631\u064a\u062f\u0629<\/td><td class=\"column-3\">decembre 2015<\/td><td class=\"column-4\">KHELFANE Rachid<\/td>\n<\/tr>\n<\/tbody>\n<\/table>\n<!-- #tablepress-8 from cache --><\/strong><\/span><\/p>\n<\/div>\n","protected":false},"excerpt":{"rendered":"<p>Chef d\u2019\u00e9quipe: Dr KHELFANE Rachid Domaine: Psychologies Mot cl\u00e9: Psychologie du travail, La sant\u00e9 au travail, normes Description de la th\u00e9matique de recherche de l\u2019\u00e9quipe: Cette recherche a pour objet de diagnostiquer l&rsquo;\u00e9tat des&#46;&#46;&#46;<\/p>\n","protected":false},"author":1,"featured_media":0,"parent":0,"menu_order":0,"comment_status":"closed","ping_status":"closed","template":"","meta":[],"_links":{"self":[{"href":"http:\/\/labs.ummto.dz\/set\/wp-json\/wp\/v2\/pages\/145"}],"collection":[{"href":"http:\/\/labs.ummto.dz\/set\/wp-json\/wp\/v2\/pages"}],"about":[{"href":"http:\/\/labs.ummto.dz\/set\/wp-json\/wp\/v2\/types\/page"}],"author":[{"embeddable":true,"href":"http:\/\/labs.ummto.dz\/set\/wp-json\/wp\/v2\/users\/1"}],"replies":[{"embeddable":true,"href":"http:\/\/labs.ummto.dz\/set\/wp-json\/wp\/v2\/comments?post=145"}],"version-history":[{"count":14,"href":"http:\/\/labs.ummto.dz\/set\/wp-json\/wp\/v2\/pages\/145\/revisions"}],"predecessor-version":[{"id":763,"href":"http:\/\/labs.ummto.dz\/set\/wp-json\/wp\/v2\/pages\/145\/revisions\/763"}],"wp:attachment":[{"href":"http:\/\/labs.ummto.dz\/set\/wp-json\/wp\/v2\/media?parent=145"}],"curies":[{"name":"wp","href":"https:\/\/api.w.org\/{rel}","templated":true}]}}