
{"id":172,"date":"2017-03-22T11:18:35","date_gmt":"2017-03-22T10:18:35","guid":{"rendered":"http:\/\/localhost\/set\/?page_id=172"},"modified":"2017-05-24T16:17:11","modified_gmt":"2017-05-24T14:17:11","slug":"seminaires","status":"publish","type":"page","link":"http:\/\/labs.ummto.dz\/set\/seminaires\/","title":{"rendered":"Colloques"},"content":{"rendered":"<p><strong><span style=\"color: #000000;\"><img loading=\"lazy\" class=\"wp-image-740 size-medium alignright\" src=\"http:\/\/set.ummto.dz\/wp-content\/uploads\/2017\/03\/iages-300x154.jpeg\" alt=\"\" width=\"300\" height=\"154\" srcset=\"http:\/\/labs.ummto.dz\/set\/wp-content\/uploads\/2017\/03\/iages-300x154.jpeg 300w, http:\/\/labs.ummto.dz\/set\/wp-content\/uploads\/2017\/03\/iages.jpeg 313w\" sizes=\"(max-width: 300px) 100vw, 300px\" \/>Ann\u00e9e:<\/span><\/strong><\/p>\n<p><strong><span style=\"color: #000000;\">Th\u00e8me:<\/span><\/strong><\/p>\n<p><strong><span style=\"color: #000000;\">Partenaire:<\/span><\/strong><\/p>\n<p><strong><span style=\"color: #000000;\">Probl\u00e9matique:<\/span><\/strong><\/p>\n<p><strong><span style=\"color: #000000;\">Axes:<\/span><\/strong><\/p>\n<p><strong><span style=\"color: #000000;\">Comit\u00e9 scientifique:<\/span><\/strong><\/p>\n<p><strong><span style=\"color: #000000;\">Communication:<\/span><\/strong><\/p>\n<p><strong><span style=\"color: #000000;\">Intitul\u00e9:<\/span><\/strong><\/p>\n","protected":false},"excerpt":{"rendered":"<p>Ann\u00e9e: Th\u00e8me: Partenaire: Probl\u00e9matique: Axes: Comit\u00e9 scientifique: Communication: Intitul\u00e9:<\/p>\n","protected":false},"author":1,"featured_media":0,"parent":0,"menu_order":0,"comment_status":"closed","ping_status":"closed","template":"","meta":[],"_links":{"self":[{"href":"http:\/\/labs.ummto.dz\/set\/wp-json\/wp\/v2\/pages\/172"}],"collection":[{"href":"http:\/\/labs.ummto.dz\/set\/wp-json\/wp\/v2\/pages"}],"about":[{"href":"http:\/\/labs.ummto.dz\/set\/wp-json\/wp\/v2\/types\/page"}],"author":[{"embeddable":true,"href":"http:\/\/labs.ummto.dz\/set\/wp-json\/wp\/v2\/users\/1"}],"replies":[{"embeddable":true,"href":"http:\/\/labs.ummto.dz\/set\/wp-json\/wp\/v2\/comments?post=172"}],"version-history":[{"count":6,"href":"http:\/\/labs.ummto.dz\/set\/wp-json\/wp\/v2\/pages\/172\/revisions"}],"predecessor-version":[{"id":742,"href":"http:\/\/labs.ummto.dz\/set\/wp-json\/wp\/v2\/pages\/172\/revisions\/742"}],"wp:attachment":[{"href":"http:\/\/labs.ummto.dz\/set\/wp-json\/wp\/v2\/media?parent=172"}],"curies":[{"name":"wp","href":"https:\/\/api.w.org\/{rel}","templated":true}]}}